{"id":78,"date":"2022-03-02T23:29:55","date_gmt":"2022-03-02T22:29:55","guid":{"rendered":"https:\/\/stipet.se\/vic03\/?page_id=78"},"modified":"2022-03-02T23:33:25","modified_gmt":"2022-03-02T22:33:25","slug":"folkdansringen-goteborg","status":"publish","type":"page","link":"https:\/\/folkdansringen.se\/victoria\/om\/folkdansringen-goteborg\/","title":{"rendered":"Folkdansringen G\u00f6teborg"},"content":{"rendered":"<style>#kt-layout-id_7f0186-37 > .kt-row-column-wrap{align-content:start;}:where(#kt-layout-id_7f0186-37 > .kt-row-column-wrap) > .wp-block-kadence-column{justify-content:start;}#kt-layout-id_7f0186-37 > .kt-row-column-wrap{column-gap:var(--global-kb-gap-md, 2rem);row-gap:var(--global-kb-gap-md, 2rem);padding-top:var( --global-kb-row-default-top, 25px );padding-bottom:var( --global-kb-row-default-bottom, 25px );padding-top:var(--global-kb-spacing-sm, 1.5rem);padding-bottom:var(--global-kb-spacing-sm, 1.5rem);grid-template-columns:minmax(0, 1fr);}#kt-layout-id_7f0186-37 > .kt-row-layout-overlay{opacity:0.30;}@media all and (max-width: 1024px){#kt-layout-id_7f0186-37 > .kt-row-column-wrap{grid-template-columns:minmax(0, 1fr);}}@media all and (max-width: 767px){#kt-layout-id_7f0186-37 > .kt-row-column-wrap{grid-template-columns:minmax(0, 1fr);}}<\/style>\n<div class=\"wp-block-kadence-rowlayout alignnone\"><div id=\"kt-layout-id_7f0186-37\" class=\"kt-row-layout-inner kt-layout-id_7f0186-37\"><div class=\"kt-row-column-wrap kt-has-1-columns kt-gutter-default kt-v-gutter-default kt-row-valign-top kt-row-layout-equal kt-tab-layout-inherit kt-m-colapse-left-to-right kt-mobile-layout-row\"><style>.kadence-column_d7f761-f8 > .kt-inside-inner-col{border-top-width:0px;border-right-width:0px;border-bottom-width:0px;border-left-width:0px;}.kadence-column_d7f761-f8 > .kt-inside-inner-col,.kadence-column_d7f761-f8 > .kt-inside-inner-col:before{border-top-left-radius:0px;border-top-right-radius:0px;border-bottom-right-radius:0px;border-bottom-left-radius:0px;}.kadence-column_d7f761-f8 > .kt-inside-inner-col{column-gap:var(--global-kb-gap-sm, 1rem);}.kadence-column_d7f761-f8 > .kt-inside-inner-col{flex-direction:column;}.kadence-column_d7f761-f8 > .kt-inside-inner-col > .aligncenter{width:100%;}.kadence-column_d7f761-f8 > .kt-inside-inner-col:before{opacity:0.3;}.kadence-column_d7f761-f8{position:relative;}@media all and (max-width: 1024px){.kadence-column_d7f761-f8 > .kt-inside-inner-col{flex-direction:column;justify-content:center;}}@media all and (max-width: 767px){.kadence-column_d7f761-f8 > .kt-inside-inner-col{flex-direction:column;justify-content:center;}}<\/style>\n<div class=\"wp-block-kadence-column inner-column-1 kadence-column_d7f761-f8\"><div class=\"kt-inside-inner-col\">\n<h2 class=\"wp-block-heading\">Folkdansringen G\u00f6teborg<\/h2>\n\n\n\n<p>Folkdanss\u00e4llskapet Victoria \u00e4r en av f\u00f6reningarna i Folkdansringen G\u00f6teborg. Folkdansringen G\u00f6teborg&nbsp;ing\u00e5r&nbsp;som en del av riksorganisationen som&nbsp;Svenska Ungdomsringen f\u00f6r Bygdekultur. \u00c5r&nbsp;2004 bytte organisationen namn till Folkdansringen.&nbsp;Distriktet har idag 12 f\u00f6reningar varav Folkdanss\u00e4llskapet Victoria \u00e4r en av dessa.<\/p>\n\n\n\n<p>H\u00e4r f\u00f6ljer en f\u00f6rteckning p\u00e5 folkdansringen G\u00f6teborgs f\u00f6reningar med namn, tillkomst\u00e5r, tr\u00e4ningslokal samt tr\u00e4ningsdag.<\/p>\n\n\n<style>#kt-layout-id_c35539-34 > .kt-row-column-wrap{align-content:start;}:where(#kt-layout-id_c35539-34 > .kt-row-column-wrap) > .wp-block-kadence-column{justify-content:start;}#kt-layout-id_c35539-34 > .kt-row-column-wrap{column-gap:var(--global-kb-gap-md, 2rem);row-gap:var(--global-kb-gap-md, 2rem);padding-top:var( --global-kb-row-default-top, 25px );padding-bottom:var( --global-kb-row-default-bottom, 25px );padding-top:var(--global-kb-spacing-sm, 1.5rem);padding-bottom:var(--global-kb-spacing-sm, 1.5rem);grid-template-columns:minmax(0, 1fr);}#kt-layout-id_c35539-34 > .kt-row-layout-overlay{opacity:0.30;}@media all and (max-width: 1024px){#kt-layout-id_c35539-34 > .kt-row-column-wrap{grid-template-columns:minmax(0, 1fr);}}@media all and (max-width: 767px){#kt-layout-id_c35539-34 > .kt-row-column-wrap{grid-template-columns:minmax(0, 1fr);}}<\/style>\n<div class=\"wp-block-kadence-rowlayout alignnone\"><div id=\"kt-layout-id_c35539-34\" class=\"kt-row-layout-inner kt-layout-id_c35539-34\"><div class=\"kt-row-column-wrap kt-has-1-columns kt-gutter-default kt-v-gutter-default kt-row-valign-top kt-row-layout-equal kt-tab-layout-inherit kt-m-colapse-left-to-right kt-mobile-layout-row\"><style>.kadence-column_2c1aef-a8 > .kt-inside-inner-col{border-top-width:0px;border-right-width:0px;border-bottom-width:0px;border-left-width:0px;}.kadence-column_2c1aef-a8 > .kt-inside-inner-col,.kadence-column_2c1aef-a8 > .kt-inside-inner-col:before{border-top-left-radius:0px;border-top-right-radius:0px;border-bottom-right-radius:0px;border-bottom-left-radius:0px;}.kadence-column_2c1aef-a8 > .kt-inside-inner-col{column-gap:var(--global-kb-gap-sm, 1rem);}.kadence-column_2c1aef-a8 > .kt-inside-inner-col{flex-direction:column;}.kadence-column_2c1aef-a8 > .kt-inside-inner-col > .aligncenter{width:100%;}.kadence-column_2c1aef-a8 > .kt-inside-inner-col:before{opacity:0.3;}.kadence-column_2c1aef-a8{position:relative;}@media all and (max-width: 1024px){.kadence-column_2c1aef-a8 > .kt-inside-inner-col{flex-direction:column;justify-content:center;}}@media all and (max-width: 767px){.kadence-column_2c1aef-a8 > .kt-inside-inner-col{flex-direction:column;justify-content:center;}}<\/style>\n<div class=\"wp-block-kadence-column inner-column-1 kadence-column_2c1aef-a8\"><div class=\"kt-inside-inner-col\">\n<figure class=\"wp-block-table\"><table><tbody><tr><td><strong>F\u00f6rening<\/strong><\/td><td><strong>\u00c5r<\/strong><\/td><td><strong>Tr\u00e4ningslokal<\/strong><\/td><td><strong>Veckodag<\/strong><\/td><\/tr><tr><td>Allmogegillet<\/td><td>1915<\/td><td>Gr\u00e4fsn\u00e4sg\u00e5rden<\/td><td>&nbsp;M\u00e5ndag<\/td><\/tr><tr><td>G\u00f6teborgs National Dans S\u00e4llskap<\/td><td>1915<\/td><td>Gr\u00e4fsn\u00e4sg\u00e5rden<\/td><td>&nbsp;Torsdag<\/td><\/tr><tr><td>Folkdanss\u00e4llskapet National<\/td><td>1916<\/td><td>Gr\u00e4fsn\u00e4sg\u00e5rden<\/td><td>&nbsp;Fredag<\/td><\/tr><tr><td>Folkdanss\u00e4llskapet Victoria<\/td><td>1917<\/td><td>Gr\u00e4fsn\u00e4sg\u00e5rden<\/td><td>&nbsp;Onsdag<\/td><\/tr><tr><td>Folkdanslaget V\u00e4stanvind<\/td><td>1933<\/td><td>Gr\u00e4fsn\u00e4sg\u00e5rden<\/td><td>&nbsp;Tisdag<\/td><\/tr><tr><td>Heimdals Bygdegille<\/td><td>1953<\/td><td>Nordeng\u00e5rden<\/td><td>&nbsp;Fredag<\/td><\/tr><tr><td>Letseg\u00e5rdens Hembygdsgille<\/td><td>1958<\/td><td>Kyrkbyskolan<\/td><td>&nbsp;Fredag<\/td><\/tr><tr><td>Folkdanslaget Kongah\u00e4lla<\/td><td>1964<\/td><td>Kvarnkullen Kung\u00e4lv<\/td><td>&nbsp;M\u00e5ndag<\/td><\/tr><tr><td>Folkdanslaget N\u00e4verluren<\/td><td>1965<\/td><td>All\u00e9g\u00e5rden<\/td><td>&nbsp;Torsdag<\/td><\/tr><tr><td>Skallsj\u00f6 Folkdanslag<\/td><td>1966<\/td><td>Floda lada<\/td><td>&nbsp;Onsdag<\/td><\/tr><tr><td>Skjortor och S\u00e4rkar Polskesnurren<\/td><td>2007<\/td><td>Gr\u00e4fsn\u00e4sg\u00e5rden<\/td><td>&nbsp;Onsdag<\/td><\/tr><tr><td>Polskedansarna<\/td><td>1978<\/td><td>Gr\u00e4fsn\u00e4sg\u00e5rdens annex<\/td><td>&nbsp;Onsdag<\/td><\/tr><\/tbody><\/table><\/figure>\n<\/div><\/div>\n<\/div><\/div><\/div>\n<\/div><\/div>\n<\/div><\/div><\/div>\n\n\n<style>#kt-layout-id_8ffae3-7e > .kt-row-column-wrap{align-content:start;}:where(#kt-layout-id_8ffae3-7e > .kt-row-column-wrap) > .wp-block-kadence-column{justify-content:start;}#kt-layout-id_8ffae3-7e > .kt-row-column-wrap{column-gap:var(--global-kb-gap-md, 2rem);row-gap:var(--global-kb-gap-md, 2rem);padding-top:var( --global-kb-row-default-top, 25px );padding-bottom:var( --global-kb-row-default-bottom, 25px );padding-top:var(--global-kb-spacing-sm, 1.5rem);padding-bottom:var(--global-kb-spacing-sm, 1.5rem);grid-template-columns:minmax(0, 1fr);}#kt-layout-id_8ffae3-7e > .kt-row-layout-overlay{opacity:0.30;}@media all and (max-width: 1024px){#kt-layout-id_8ffae3-7e > .kt-row-column-wrap{grid-template-columns:minmax(0, 1fr);}}@media all and (max-width: 767px){#kt-layout-id_8ffae3-7e > .kt-row-column-wrap{grid-template-columns:minmax(0, 1fr);}}<\/style>\n<div class=\"wp-block-kadence-rowlayout alignnone\"><div id=\"kt-layout-id_8ffae3-7e\" class=\"kt-row-layout-inner kt-layout-id_8ffae3-7e\"><div class=\"kt-row-column-wrap kt-has-1-columns kt-gutter-default kt-v-gutter-default kt-row-valign-top kt-row-layout-equal kt-tab-layout-inherit kt-m-colapse-left-to-right kt-mobile-layout-row\"><style>.kadence-column_79d18a-5c > .kt-inside-inner-col{border-top-width:0px;border-right-width:0px;border-bottom-width:0px;border-left-width:0px;}.kadence-column_79d18a-5c > .kt-inside-inner-col,.kadence-column_79d18a-5c > .kt-inside-inner-col:before{border-top-left-radius:0px;border-top-right-radius:0px;border-bottom-right-radius:0px;border-bottom-left-radius:0px;}.kadence-column_79d18a-5c > .kt-inside-inner-col{column-gap:var(--global-kb-gap-sm, 1rem);}.kadence-column_79d18a-5c > .kt-inside-inner-col{flex-direction:column;}.kadence-column_79d18a-5c > .kt-inside-inner-col > .aligncenter{width:100%;}.kadence-column_79d18a-5c > .kt-inside-inner-col:before{opacity:0.3;}.kadence-column_79d18a-5c{position:relative;}@media all and (max-width: 1024px){.kadence-column_79d18a-5c > .kt-inside-inner-col{flex-direction:column;justify-content:center;}}@media all and (max-width: 767px){.kadence-column_79d18a-5c > .kt-inside-inner-col{flex-direction:column;justify-content:center;}}<\/style>\n<div class=\"wp-block-kadence-column inner-column-1 kadence-column_79d18a-5c\"><div class=\"kt-inside-inner-col\">\n<p>\u00a0<a href=\"http:\/\/goteborg.folkdansringen.se\/\">L\u00e4nk till Folkdansringen G\u00f6teborg<\/a><\/p>\n<\/div><\/div>\n<\/div><\/div><\/div>\n","protected":false},"excerpt":{"rendered":"<p>Folkdansringen G\u00f6teborg Folkdanss\u00e4llskapet Victoria \u00e4r en av f\u00f6reningarna i Folkdansringen G\u00f6teborg. Folkdansringen G\u00f6teborg&nbsp;ing\u00e5r&nbsp;som en del av riksorganisationen som&nbsp;Svenska Ungdomsringen f\u00f6r Bygdekultur. \u00c5r&nbsp;2004 bytte organisationen namn till Folkdansringen.&nbsp;Distriktet har idag 12 f\u00f6reningar varav Folkdanss\u00e4llskapet Victoria \u00e4r en av dessa. H\u00e4r f\u00f6ljer en f\u00f6rteckning p\u00e5 folkdansringen G\u00f6teborgs f\u00f6reningar med namn, tillkomst\u00e5r, tr\u00e4ningslokal samt tr\u00e4ningsdag. F\u00f6rening \u00c5r Tr\u00e4ningslokal&#8230;<\/p>\n","protected":false},"author":1,"featured_media":0,"parent":12,"menu_order":0,"comment_status":"closed","ping_status":"closed","template":"","meta":{"ngg_post_thumbnail":0,"_kadence_starter_templates_imported_post":false,"_kad_post_transparent":"","_kad_post_title":"hide","_kad_post_layout":"","_kad_post_sidebar_id":"","_kad_post_content_style":"","_kad_post_vertical_padding":"","_kad_post_feature":"","_kad_post_feature_position":"","_kad_post_header":false,"_kad_post_footer":false,"_kad_post_classname":"","footnotes":""},"categories":[],"tags":[],"class_list":["post-78","page","type-page","status-publish","hentry"],"_links":{"self":[{"href":"https:\/\/folkdansringen.se\/victoria\/wp-json\/wp\/v2\/pages\/78","targetHints":{"allow":["GET"]}}],"collection":[{"href":"https:\/\/folkdansringen.se\/victoria\/wp-json\/wp\/v2\/pages"}],"about":[{"href":"https:\/\/folkdansringen.se\/victoria\/wp-json\/wp\/v2\/types\/page"}],"author":[{"embeddable":true,"href":"https:\/\/folkdansringen.se\/victoria\/wp-json\/wp\/v2\/users\/1"}],"replies":[{"embeddable":true,"href":"https:\/\/folkdansringen.se\/victoria\/wp-json\/wp\/v2\/comments?post=78"}],"version-history":[{"count":0,"href":"https:\/\/folkdansringen.se\/victoria\/wp-json\/wp\/v2\/pages\/78\/revisions"}],"up":[{"embeddable":true,"href":"https:\/\/folkdansringen.se\/victoria\/wp-json\/wp\/v2\/pages\/12"}],"wp:attachment":[{"href":"https:\/\/folkdansringen.se\/victoria\/wp-json\/wp\/v2\/media?parent=78"}],"wp:term":[{"taxonomy":"category","embeddable":true,"href":"https:\/\/folkdansringen.se\/victoria\/wp-json\/wp\/v2\/categories?post=78"},{"taxonomy":"post_tag","embeddable":true,"href":"https:\/\/folkdansringen.se\/victoria\/wp-json\/wp\/v2\/tags?post=78"}],"curies":[{"name":"wp","href":"https:\/\/api.w.org\/{rel}","templated":true}]}}

Folkdansringen Göteborg

<style>#kt-layout-id_7f0186-37 > .kt-row-column-wrap{align-content:start;}:where(#kt-layout-id_7f0186-37 > .kt-row-column-wrap) > .wp-block-kadence-column{justify-content:start;}#kt-layout-id_7f0186-37 > .kt-row-column-wrap{column-gap:var(--global-kb-gap-md, 2rem);row-gap:var(--global-kb-gap-md, 2rem);padding-top:var( --global-kb-row-default-top, 25px );padding-bottom:var( --global-kb-row-default-bottom, 25px );padding-top:var(--global-kb-spacing-sm, 1.5rem);padding-bottom:var(--global-kb-spacing-sm, 1.5rem);grid-template-columns:minmax(0, 1fr);}#kt-layout-id_7f0186-37 > .kt-row-layout-overlay{opacity:0.30;}@media all and (max-width: 1024px){#kt-layout-id_7f0186-37 > .kt-row-column-wrap{grid-template-columns:minmax(0, 1fr);}}@media all and (max-width: 767px){#kt-layout-id_7f0186-37 > .kt-row-column-wrap{grid-template-columns:minmax(0, 1fr);}}</style>
<div class="wp-block-kadence-rowlayout alignnone"><div id="kt-layout-id_7f0186-37" class="kt-row-layout-inner kt-layout-id_7f0186-37"><div class="kt-row-column-wrap kt-has-1-columns kt-gutter-default kt-v-gutter-default kt-row-valign-top kt-row-layout-equal kt-tab-layout-inherit kt-m-colapse-left-to-right kt-mobile-layout-row"><style>.kadence-column_d7f761-f8 > .kt-inside-inner-col{border-top-width:0px;border-right-width:0px;border-bottom-width:0px;border-left-width:0px;}.kadence-column_d7f761-f8 > .kt-inside-inner-col,.kadence-column_d7f761-f8 > .kt-inside-inner-col:before{border-top-left-radius:0px;border-top-right-radius:0px;border-bottom-right-radius:0px;border-bottom-left-radius:0px;}.kadence-column_d7f761-f8 > .kt-inside-inner-col{column-gap:var(--global-kb-gap-sm, 1rem);}.kadence-column_d7f761-f8 > .kt-inside-inner-col{flex-direction:column;}.kadence-column_d7f761-f8 > .kt-inside-inner-col > .aligncenter{width:100%;}.kadence-column_d7f761-f8 > .kt-inside-inner-col:before{opacity:0.3;}.kadence-column_d7f761-f8{position:relative;}@media all and (max-width: 1024px){.kadence-column_d7f761-f8 > .kt-inside-inner-col{flex-direction:column;justify-content:center;}}@media all and (max-width: 767px){.kadence-column_d7f761-f8 > .kt-inside-inner-col{flex-direction:column;justify-content:center;}}</style>
<div class="wp-block-kadence-column inner-column-1 kadence-column_d7f761-f8"><div class="kt-inside-inner-col">
<h2 class="wp-block-heading">Folkdansringen Göteborg</h2>



<p>Folkdanssällskapet Victoria är en av föreningarna i Folkdansringen Göteborg. Folkdansringen Göteborg&nbsp;ingår&nbsp;som en del av riksorganisationen som&nbsp;Svenska Ungdomsringen för Bygdekultur. År&nbsp;2004 bytte organisationen namn till Folkdansringen.&nbsp;Distriktet har idag 12 föreningar varav Folkdanssällskapet Victoria är en av dessa.</p>



<p>Här följer en förteckning på folkdansringen Göteborgs föreningar med namn, tillkomstår, träningslokal samt träningsdag.</p>


<style>#kt-layout-id_c35539-34 > .kt-row-column-wrap{align-content:start;}:where(#kt-layout-id_c35539-34 > .kt-row-column-wrap) > .wp-block-kadence-column{justify-content:start;}#kt-layout-id_c35539-34 > .kt-row-column-wrap{column-gap:var(--global-kb-gap-md, 2rem);row-gap:var(--global-kb-gap-md, 2rem);padding-top:var( --global-kb-row-default-top, 25px );padding-bottom:var( --global-kb-row-default-bottom, 25px );padding-top:var(--global-kb-spacing-sm, 1.5rem);padding-bottom:var(--global-kb-spacing-sm, 1.5rem);grid-template-columns:minmax(0, 1fr);}#kt-layout-id_c35539-34 > .kt-row-layout-overlay{opacity:0.30;}@media all and (max-width: 1024px){#kt-layout-id_c35539-34 > .kt-row-column-wrap{grid-template-columns:minmax(0, 1fr);}}@media all and (max-width: 767px){#kt-layout-id_c35539-34 > .kt-row-column-wrap{grid-template-columns:minmax(0, 1fr);}}</style>
<div class="wp-block-kadence-rowlayout alignnone"><div id="kt-layout-id_c35539-34" class="kt-row-layout-inner kt-layout-id_c35539-34"><div class="kt-row-column-wrap kt-has-1-columns kt-gutter-default kt-v-gutter-default kt-row-valign-top kt-row-layout-equal kt-tab-layout-inherit kt-m-colapse-left-to-right kt-mobile-layout-row"><style>.kadence-column_2c1aef-a8 > .kt-inside-inner-col{border-top-width:0px;border-right-width:0px;border-bottom-width:0px;border-left-width:0px;}.kadence-column_2c1aef-a8 > .kt-inside-inner-col,.kadence-column_2c1aef-a8 > .kt-inside-inner-col:before{border-top-left-radius:0px;border-top-right-radius:0px;border-bottom-right-radius:0px;border-bottom-left-radius:0px;}.kadence-column_2c1aef-a8 > .kt-inside-inner-col{column-gap:var(--global-kb-gap-sm, 1rem);}.kadence-column_2c1aef-a8 > .kt-inside-inner-col{flex-direction:column;}.kadence-column_2c1aef-a8 > .kt-inside-inner-col > .aligncenter{width:100%;}.kadence-column_2c1aef-a8 > .kt-inside-inner-col:before{opacity:0.3;}.kadence-column_2c1aef-a8{position:relative;}@media all and (max-width: 1024px){.kadence-column_2c1aef-a8 > .kt-inside-inner-col{flex-direction:column;justify-content:center;}}@media all and (max-width: 767px){.kadence-column_2c1aef-a8 > .kt-inside-inner-col{flex-direction:column;justify-content:center;}}</style>
<div class="wp-block-kadence-column inner-column-1 kadence-column_2c1aef-a8"><div class="kt-inside-inner-col">
<figure class="wp-block-table"><table><tbody><tr><td><strong>Förening</strong></td><td><strong>År</strong></td><td><strong>Träningslokal</strong></td><td><strong>Veckodag</strong></td></tr><tr><td>Allmogegillet</td><td>1915</td><td>Gräfsnäsgården</td><td>&nbsp;Måndag</td></tr><tr><td>Göteborgs National Dans Sällskap</td><td>1915</td><td>Gräfsnäsgården</td><td>&nbsp;Torsdag</td></tr><tr><td>Folkdanssällskapet National</td><td>1916</td><td>Gräfsnäsgården</td><td>&nbsp;Fredag</td></tr><tr><td>Folkdanssällskapet Victoria</td><td>1917</td><td>Gräfsnäsgården</td><td>&nbsp;Onsdag</td></tr><tr><td>Folkdanslaget Västanvind</td><td>1933</td><td>Gräfsnäsgården</td><td>&nbsp;Tisdag</td></tr><tr><td>Heimdals Bygdegille</td><td>1953</td><td>Nordengården</td><td>&nbsp;Fredag</td></tr><tr><td>Letsegårdens Hembygdsgille</td><td>1958</td><td>Kyrkbyskolan</td><td>&nbsp;Fredag</td></tr><tr><td>Folkdanslaget Kongahälla</td><td>1964</td><td>Kvarnkullen Kungälv</td><td>&nbsp;Måndag</td></tr><tr><td>Folkdanslaget Näverluren</td><td>1965</td><td>Allégården</td><td>&nbsp;Torsdag</td></tr><tr><td>Skallsjö Folkdanslag</td><td>1966</td><td>Floda lada</td><td>&nbsp;Onsdag</td></tr><tr><td>Skjortor och Särkar Polskesnurren</td><td>2007</td><td>Gräfsnäsgården</td><td>&nbsp;Onsdag</td></tr><tr><td>Polskedansarna</td><td>1978</td><td>Gräfsnäsgårdens annex</td><td>&nbsp;Onsdag</td></tr></tbody></table></figure>
</div></div>
</div></div></div>
</div></div>
</div></div></div>


<style>#kt-layout-id_8ffae3-7e > .kt-row-column-wrap{align-content:start;}:where(#kt-layout-id_8ffae3-7e > .kt-row-column-wrap) > .wp-block-kadence-column{justify-content:start;}#kt-layout-id_8ffae3-7e > .kt-row-column-wrap{column-gap:var(--global-kb-gap-md, 2rem);row-gap:var(--global-kb-gap-md, 2rem);padding-top:var( --global-kb-row-default-top, 25px );padding-bottom:var( --global-kb-row-default-bottom, 25px );padding-top:var(--global-kb-spacing-sm, 1.5rem);padding-bottom:var(--global-kb-spacing-sm, 1.5rem);grid-template-columns:minmax(0, 1fr);}#kt-layout-id_8ffae3-7e > .kt-row-layout-overlay{opacity:0.30;}@media all and (max-width: 1024px){#kt-layout-id_8ffae3-7e > .kt-row-column-wrap{grid-template-columns:minmax(0, 1fr);}}@media all and (max-width: 767px){#kt-layout-id_8ffae3-7e > .kt-row-column-wrap{grid-template-columns:minmax(0, 1fr);}}</style>
<div class="wp-block-kadence-rowlayout alignnone"><div id="kt-layout-id_8ffae3-7e" class="kt-row-layout-inner kt-layout-id_8ffae3-7e"><div class="kt-row-column-wrap kt-has-1-columns kt-gutter-default kt-v-gutter-default kt-row-valign-top kt-row-layout-equal kt-tab-layout-inherit kt-m-colapse-left-to-right kt-mobile-layout-row"><style>.kadence-column_79d18a-5c > .kt-inside-inner-col{border-top-width:0px;border-right-width:0px;border-bottom-width:0px;border-left-width:0px;}.kadence-column_79d18a-5c > .kt-inside-inner-col,.kadence-column_79d18a-5c > .kt-inside-inner-col:before{border-top-left-radius:0px;border-top-right-radius:0px;border-bottom-right-radius:0px;border-bottom-left-radius:0px;}.kadence-column_79d18a-5c > .kt-inside-inner-col{column-gap:var(--global-kb-gap-sm, 1rem);}.kadence-column_79d18a-5c > .kt-inside-inner-col{flex-direction:column;}.kadence-column_79d18a-5c > .kt-inside-inner-col > .aligncenter{width:100%;}.kadence-column_79d18a-5c > .kt-inside-inner-col:before{opacity:0.3;}.kadence-column_79d18a-5c{position:relative;}@media all and (max-width: 1024px){.kadence-column_79d18a-5c > .kt-inside-inner-col{flex-direction:column;justify-content:center;}}@media all and (max-width: 767px){.kadence-column_79d18a-5c > .kt-inside-inner-col{flex-direction:column;justify-content:center;}}</style>
<div class="wp-block-kadence-column inner-column-1 kadence-column_79d18a-5c"><div class="kt-inside-inner-col">
<p> <a href="http://goteborg.folkdansringen.se/">Länk till Folkdansringen Göteborg</a></p>
</div></div>
</div></div></div>

<p>Folkdansringen Göteborg Folkdanssällskapet Victoria är en av föreningarna i Folkdansringen Göteborg. Folkdansringen Göteborg&nbsp;ingår&nbsp;som en del av riksorganisationen som&nbsp;Svenska Ungdomsringen för Bygdekultur. År&nbsp;2004 bytte organisationen namn till Folkdansringen.&nbsp;Distriktet har idag 12 föreningar varav Folkdanssällskapet Victoria är en av dessa. Här följer en förteckning på folkdansringen Göteborgs föreningar med namn, tillkomstår, träningslokal samt träningsdag. Förening År Träningslokal&#8230;</p>
