
{"id":13972,"date":"2023-03-16T09:47:06","date_gmt":"2023-03-16T08:47:06","guid":{"rendered":"https:\/\/folkdansringen.se\/riks\/?page_id=13972"},"modified":"2026-03-26T10:36:36","modified_gmt":"2026-03-26T09:36:36","slug":"riksstamma-2026","status":"publish","type":"page","link":"https:\/\/folkdansringen.se\/riks\/foreningochfunktionar\/rikstamma\/riksstamma-2026\/","title":{"rendered":"Riksst\u00e4mma 2026"},"content":{"rendered":"<p>[et_pb_section fb_built=&#8221;1&#8243; module_id=&#8221;fdrSiteWrap&#8221; _builder_version=&#8221;4.16&#8243; global_colors_info=&#8221;{}&#8221;][et_pb_row module_id=&#8221;fdrSiteHeader&#8221; _builder_version=&#8221;4.16&#8243; background_size=&#8221;initial&#8221; background_position=&#8221;top_left&#8221; background_repeat=&#8221;repeat&#8221; custom_padding=&#8221;27px|0px|0|0px|false|false&#8221; global_colors_info=&#8221;{}&#8221;][et_pb_column type=&#8221;4_4&#8243; _builder_version=&#8221;4.16&#8243; custom_padding=&#8221;|||&#8221; global_colors_info=&#8221;{}&#8221; custom_padding__hover=&#8221;|||&#8221;][et_pb_image src=&#8221;https:\/\/folkdansringen.se\/riks\/wp-content\/uploads\/2026\/03\/Riksstamma-uppsala-2026-svenska-folkdansringen-Webb-Toppbild-1517&#215;505-1.jpg&#8221; title_text=&#8221;Riksst\u00e4mma-uppsala-2026-svenska-folkdansringen-Webb-Toppbild-1517&#215;505&#8243; _builder_version=&#8221;4.27.4&#8243; _module_preset=&#8221;default&#8221; hover_enabled=&#8221;0&#8243; global_colors_info=&#8221;{}&#8221; sticky_enabled=&#8221;0&#8243;][\/et_pb_image][\/et_pb_column][\/et_pb_row][et_pb_row column_structure=&#8221;1_4,1_2,1_4&#8243; module_id=&#8221;fdrThreecolumns&#8221; _builder_version=&#8221;4.16&#8243; custom_padding=&#8221;42px|0px|27px|0px|false|false&#8221; hover_enabled=&#8221;0&#8243; global_colors_info=&#8221;{}&#8221; sticky_enabled=&#8221;0&#8243;][et_pb_column type=&#8221;1_4&#8243; _builder_version=&#8221;4.16&#8243; custom_padding=&#8221;|||&#8221; global_colors_info=&#8221;{}&#8221; custom_padding__hover=&#8221;|||&#8221;][et_pb_text _builder_version=&#8221;4.27.4&#8243; text_font_size=&#8221;14px&#8221; link_font_size=&#8221;14px&#8221; custom_padding=&#8221;|51px||||&#8221; hover_enabled=&#8221;0&#8243; global_module=&#8221;10394&#8243; saved_tabs=&#8221;all&#8221; global_colors_info=&#8221;{}&#8221; sticky_enabled=&#8221;0&#8243;]<\/p>\n<ul class=\"fdrUlLinks\">\n<ul class=\"fdrUlLinks\">\n<li><a href=\"https:\/\/folkdansringen.se\/riks\/foreningochfunktionar\/rikstamma\/\">Riksst\u00e4mma<\/a><\/li>\n<li><a href=\"https:\/\/folkdansringen.se\/riks\/foreningochfunktionar\/rikstamma\/riksstamma-2026\/\">Riksst\u00e4mma 2026<\/a><\/li>\n<li><a href=\"https:\/\/folkdansringen.se\/riks\/foreningochfunktionar\/rikstamma\/riksstamma-2025\/\">Riksst\u00e4mma 2025<\/a><\/li>\n<li><a href=\"https:\/\/folkdansringen.se\/riks\/foreningochfunktionar\/rikstamma\/riksstamma-2024\/\">Riksst\u00e4mma 2024<\/a><\/li>\n<\/ul>\n<\/ul>\n<p>&nbsp;<\/p>\n<p>[\/et_pb_text][\/et_pb_column][et_pb_column type=&#8221;1_2&#8243; _builder_version=&#8221;4.16&#8243; custom_padding=&#8221;|||&#8221; global_colors_info=&#8221;{}&#8221; custom_padding__hover=&#8221;|||&#8221;][et_pb_text module_id=&#8221;fdrWhatWeDoMiddle&#8221; _builder_version=&#8221;4.27.4&#8243; custom_padding=&#8221;||1px|||&#8221; hover_enabled=&#8221;0&#8243; global_colors_info=&#8221;{}&#8221; sticky_enabled=&#8221;0&#8243;]<\/p>\n<h1>Svenska Folkdansringens riksst\u00e4mma 2026<\/h1>\n<p><strong>Svenska Folkdansringen h\u00e4lsar alla v\u00e4lkomna till Folkdansringens riksst\u00e4mma den 19-20 september i Uppsala.\u00a0 <\/strong><strong>Folkdansringen Uppland \u00e4r v\u00e4rdar f\u00f6r riksst\u00e4mman 2026.\u00a0<\/strong><\/p>\n<h3>N\u00e4r<\/h3>\n<p>19-20 september<\/p>\n<h3>Var<\/h3>\n<p>Uppsala<\/p>\n<h3>Motioner till riksst\u00e4mman<\/h3>\n<p>F\u00f6r att underl\u00e4tta f\u00f6r styrelsen ber vi er att om m\u00f6jligt skicka innan motioner innan 12 april.<\/p>\n<p>Motioner skickas till\u00a0<a href=\"mailto:rikskansliet@folkdansringen.se\">rikskansliet@folkdansringen.se<\/a><\/p>\n<p>eller<\/p>\n<p>Svenska Folkdansringen<br \/>Torggatan 3<br \/>112 65 Stockholm<\/p>\n<p>Stoppdatum f\u00f6r motioner till riksst\u00e4mman 2026 \u00e4r 19 april.<\/p>\n<p>&nbsp;<\/p>\n<h3>Handlingar<\/h3>\n<p>H\u00e4r kommer handlingar till riksst\u00e4mman finnas f\u00f6r nedladdning.<\/p>\n<blockquote><\/blockquote>\n<blockquote><\/blockquote>\n<h3>Antal ombud per distrikt<\/h3>\n<p>L\u00e4ggs upp inom kort<\/p>\n<h3>Anm\u00e4lan<\/h3>\n<p>Anm\u00e4lan \u00f6ppnar under v\u00e5ren.<\/p>\n<p>&nbsp;<\/p>\n<p>&nbsp;<\/p>\n<p>[\/et_pb_text][\/et_pb_column][et_pb_column type=&#8221;1_4&#8243; _builder_version=&#8221;4.16&#8243; custom_padding=&#8221;|||&#8221; global_colors_info=&#8221;{}&#8221; custom_padding__hover=&#8221;|||&#8221;][et_pb_cta title=&#8221;Riksst\u00e4mma 2026&#8243; button_text=&#8221;Click Here&#8221; module_id=&#8221;fdrWhatWeDoRight&#8221; _builder_version=&#8221;4.27.4&#8243; use_background_color=&#8221;off&#8221; min_height=&#8221;138px&#8221; hover_enabled=&#8221;0&#8243; global_module=&#8221;11274&#8243; saved_tabs=&#8221;all&#8221; global_colors_info=&#8221;{}&#8221; sticky_enabled=&#8221;0&#8243;]<\/p>\n<p style=\"text-align: left;\">V\u00e4lkommen till Svenska Folkdansringens riksst\u00e4mma, den 19-20 september i Uppsala.<\/p>\n<p><strong>Motioner till Riksst\u00e4mman 2026<\/strong><\/p>\n<p>F\u00f6r att underl\u00e4tta f\u00f6r styrelsen ber vi er att om m\u00f6jligt skicka innan motioner innan 12 april.<\/p>\n<p>Motioner skickas till:<\/p>\n<p><a href=\"mailto:rikskansliet@folkdansringen.se\">rikskansliet@folkdansringen.se<\/a><\/p>\n<p>eller<\/p>\n<p>Svenska Folkdansringen<br \/>Torggatan 3<br \/>112 65 Stockholm<\/p>\n<p>Stoppdatum f\u00f6r motioner till riksst\u00e4mman 2026 \u00e4r 19 april.<\/p>\n<p style=\"text-align: left;\">[\/et_pb_cta][\/et_pb_column][\/et_pb_row][\/et_pb_section]<\/p>\n","protected":false},"excerpt":{"rendered":"<p>Riksst\u00e4mma Riksst\u00e4mma 2026 Riksst\u00e4mma 2025 Riksst\u00e4mma 2024 &nbsp;Svenska Folkdansringens riksst\u00e4mma 2026 Svenska Folkdansringen h\u00e4lsar alla v\u00e4lkomna till Folkdansringens riksst\u00e4mma den 19-20 september i Uppsala.\u00a0 Folkdansringen Uppland \u00e4r v\u00e4rdar f\u00f6r riksst\u00e4mman 2026.\u00a0 N\u00e4r 19-20 september Var Uppsala Motioner till riksst\u00e4mman F\u00f6r att underl\u00e4tta f\u00f6r styrelsen ber vi er att om m\u00f6jligt skicka innan motioner innan 12 [&hellip;]<\/p>\n","protected":false},"author":1,"featured_media":0,"parent":7994,"menu_order":0,"comment_status":"closed","ping_status":"closed","template":"","meta":{"_et_pb_use_builder":"on","_et_pb_old_content":"","_et_gb_content_width":"","footnotes":""},"class_list":["post-13972","page","type-page","status-publish","hentry"],"yoast_head":"<!-- This site is optimized with the Yoast SEO plugin v27.4 - https:\/\/yoast.com\/product\/yoast-seo-wordpress\/ -->\n<title>Riksst\u00e4mma 2026 &#187; Folkdansringen<\/title>\n<meta name=\"robots\" content=\"index, follow, max-snippet:-1, max-image-preview:large, max-video-preview:-1\" \/>\n<link rel=\"canonical\" href=\"https:\/\/folkdansringen.se\/riks\/foreningochfunktionar\/rikstamma\/riksstamma-2026\/\" \/>\n<meta property=\"og:locale\" content=\"sv_SE\" \/>\n<meta property=\"og:type\" content=\"article\" \/>\n<meta property=\"og:title\" content=\"Riksst\u00e4mma 2026 &#187; Folkdansringen\" \/>\n<meta property=\"og:description\" content=\"Riksst\u00e4mma Riksst\u00e4mma 2026 Riksst\u00e4mma 2025 Riksst\u00e4mma 2024 &nbsp;Svenska Folkdansringens riksst\u00e4mma 2026 Svenska Folkdansringen h\u00e4lsar alla v\u00e4lkomna till Folkdansringens riksst\u00e4mma den 19-20 september i Uppsala.\u00a0 Folkdansringen Uppland \u00e4r v\u00e4rdar f\u00f6r riksst\u00e4mman 2026.\u00a0 N\u00e4r 19-20 september Var Uppsala Motioner till riksst\u00e4mman F\u00f6r att underl\u00e4tta f\u00f6r styrelsen ber vi er att om m\u00f6jligt skicka innan motioner innan 12 [&hellip;]\" \/>\n<meta property=\"og:url\" content=\"https:\/\/folkdansringen.se\/riks\/foreningochfunktionar\/rikstamma\/riksstamma-2026\/\" \/>\n<meta property=\"og:site_name\" content=\"Folkdansringen\" \/>\n<meta property=\"article:modified_time\" content=\"2026-03-26T09:36:36+00:00\" \/>\n<meta name=\"twitter:card\" content=\"summary_large_image\" \/>\n<meta name=\"twitter:label1\" content=\"Ber\u00e4knad l\u00e4stid\" \/>\n\t<meta name=\"twitter:data1\" content=\"3 minuter\" \/>\n<script type=\"application\/ld+json\" class=\"yoast-schema-graph\">{\"@context\":\"https:\\\/\\\/schema.org\",\"@graph\":[{\"@type\":\"WebPage\",\"@id\":\"https:\\\/\\\/folkdansringen.se\\\/riks\\\/foreningochfunktionar\\\/rikstamma\\\/riksstamma-2026\\\/\",\"url\":\"https:\\\/\\\/folkdansringen.se\\\/riks\\\/foreningochfunktionar\\\/rikstamma\\\/riksstamma-2026\\\/\",\"name\":\"Riksst\u00e4mma 2026 &#187; Folkdansringen\",\"isPartOf\":{\"@id\":\"https:\\\/\\\/folkdansringen.se\\\/riks\\\/#website\"},\"datePublished\":\"2023-03-16T08:47:06+00:00\",\"dateModified\":\"2026-03-26T09:36:36+00:00\",\"breadcrumb\":{\"@id\":\"https:\\\/\\\/folkdansringen.se\\\/riks\\\/foreningochfunktionar\\\/rikstamma\\\/riksstamma-2026\\\/#breadcrumb\"},\"inLanguage\":\"sv-SE\",\"potentialAction\":[{\"@type\":\"ReadAction\",\"target\":[\"https:\\\/\\\/folkdansringen.se\\\/riks\\\/foreningochfunktionar\\\/rikstamma\\\/riksstamma-2026\\\/\"]}]},{\"@type\":\"BreadcrumbList\",\"@id\":\"https:\\\/\\\/folkdansringen.se\\\/riks\\\/foreningochfunktionar\\\/rikstamma\\\/riksstamma-2026\\\/#breadcrumb\",\"itemListElement\":[{\"@type\":\"ListItem\",\"position\":1,\"name\":\"Hem\",\"item\":\"https:\\\/\\\/folkdansringen.se\\\/riks\\\/\"},{\"@type\":\"ListItem\",\"position\":2,\"name\":\"F\u00f6rening och funktion\u00e4r\",\"item\":\"https:\\\/\\\/folkdansringen.se\\\/riks\\\/foreningochfunktionar\\\/\"},{\"@type\":\"ListItem\",\"position\":3,\"name\":\"Rikst\u00e4mma\",\"item\":\"https:\\\/\\\/folkdansringen.se\\\/riks\\\/foreningochfunktionar\\\/rikstamma\\\/\"},{\"@type\":\"ListItem\",\"position\":4,\"name\":\"Riksst\u00e4mma 2026\"}]},{\"@type\":\"WebSite\",\"@id\":\"https:\\\/\\\/folkdansringen.se\\\/riks\\\/#website\",\"url\":\"https:\\\/\\\/folkdansringen.se\\\/riks\\\/\",\"name\":\"Folkdansringen\",\"description\":\"\",\"potentialAction\":[{\"@type\":\"SearchAction\",\"target\":{\"@type\":\"EntryPoint\",\"urlTemplate\":\"https:\\\/\\\/folkdansringen.se\\\/riks\\\/?s={search_term_string}\"},\"query-input\":{\"@type\":\"PropertyValueSpecification\",\"valueRequired\":true,\"valueName\":\"search_term_string\"}}],\"inLanguage\":\"sv-SE\"}]}<\/script>\n<!-- \/ Yoast SEO plugin. -->","yoast_head_json":{"title":"Riksst\u00e4mma 2026 &#187; Folkdansringen","robots":{"index":"index","follow":"follow","max-snippet":"max-snippet:-1","max-image-preview":"max-image-preview:large","max-video-preview":"max-video-preview:-1"},"canonical":"https:\/\/folkdansringen.se\/riks\/foreningochfunktionar\/rikstamma\/riksstamma-2026\/","og_locale":"sv_SE","og_type":"article","og_title":"Riksst\u00e4mma 2026 &#187; Folkdansringen","og_description":"Riksst\u00e4mma Riksst\u00e4mma 2026 Riksst\u00e4mma 2025 Riksst\u00e4mma 2024 &nbsp;Svenska Folkdansringens riksst\u00e4mma 2026 Svenska Folkdansringen h\u00e4lsar alla v\u00e4lkomna till Folkdansringens riksst\u00e4mma den 19-20 september i Uppsala.\u00a0 Folkdansringen Uppland \u00e4r v\u00e4rdar f\u00f6r riksst\u00e4mman 2026.\u00a0 N\u00e4r 19-20 september Var Uppsala Motioner till riksst\u00e4mman F\u00f6r att underl\u00e4tta f\u00f6r styrelsen ber vi er att om m\u00f6jligt skicka innan motioner innan 12 [&hellip;]","og_url":"https:\/\/folkdansringen.se\/riks\/foreningochfunktionar\/rikstamma\/riksstamma-2026\/","og_site_name":"Folkdansringen","article_modified_time":"2026-03-26T09:36:36+00:00","twitter_card":"summary_large_image","twitter_misc":{"Ber\u00e4knad l\u00e4stid":"3 minuter"},"schema":{"@context":"https:\/\/schema.org","@graph":[{"@type":"WebPage","@id":"https:\/\/folkdansringen.se\/riks\/foreningochfunktionar\/rikstamma\/riksstamma-2026\/","url":"https:\/\/folkdansringen.se\/riks\/foreningochfunktionar\/rikstamma\/riksstamma-2026\/","name":"Riksst\u00e4mma 2026 &#187; Folkdansringen","isPartOf":{"@id":"https:\/\/folkdansringen.se\/riks\/#website"},"datePublished":"2023-03-16T08:47:06+00:00","dateModified":"2026-03-26T09:36:36+00:00","breadcrumb":{"@id":"https:\/\/folkdansringen.se\/riks\/foreningochfunktionar\/rikstamma\/riksstamma-2026\/#breadcrumb"},"inLanguage":"sv-SE","potentialAction":[{"@type":"ReadAction","target":["https:\/\/folkdansringen.se\/riks\/foreningochfunktionar\/rikstamma\/riksstamma-2026\/"]}]},{"@type":"BreadcrumbList","@id":"https:\/\/folkdansringen.se\/riks\/foreningochfunktionar\/rikstamma\/riksstamma-2026\/#breadcrumb","itemListElement":[{"@type":"ListItem","position":1,"name":"Hem","item":"https:\/\/folkdansringen.se\/riks\/"},{"@type":"ListItem","position":2,"name":"F\u00f6rening och funktion\u00e4r","item":"https:\/\/folkdansringen.se\/riks\/foreningochfunktionar\/"},{"@type":"ListItem","position":3,"name":"Rikst\u00e4mma","item":"https:\/\/folkdansringen.se\/riks\/foreningochfunktionar\/rikstamma\/"},{"@type":"ListItem","position":4,"name":"Riksst\u00e4mma 2026"}]},{"@type":"WebSite","@id":"https:\/\/folkdansringen.se\/riks\/#website","url":"https:\/\/folkdansringen.se\/riks\/","name":"Folkdansringen","description":"","potentialAction":[{"@type":"SearchAction","target":{"@type":"EntryPoint","urlTemplate":"https:\/\/folkdansringen.se\/riks\/?s={search_term_string}"},"query-input":{"@type":"PropertyValueSpecification","valueRequired":true,"valueName":"search_term_string"}}],"inLanguage":"sv-SE"}]}},"_links":{"self":[{"href":"https:\/\/folkdansringen.se\/riks\/wp-json\/wp\/v2\/pages\/13972","targetHints":{"allow":["GET"]}}],"collection":[{"href":"https:\/\/folkdansringen.se\/riks\/wp-json\/wp\/v2\/pages"}],"about":[{"href":"https:\/\/folkdansringen.se\/riks\/wp-json\/wp\/v2\/types\/page"}],"author":[{"embeddable":true,"href":"https:\/\/folkdansringen.se\/riks\/wp-json\/wp\/v2\/users\/1"}],"replies":[{"embeddable":true,"href":"https:\/\/folkdansringen.se\/riks\/wp-json\/wp\/v2\/comments?post=13972"}],"version-history":[{"count":36,"href":"https:\/\/folkdansringen.se\/riks\/wp-json\/wp\/v2\/pages\/13972\/revisions"}],"predecessor-version":[{"id":15766,"href":"https:\/\/folkdansringen.se\/riks\/wp-json\/wp\/v2\/pages\/13972\/revisions\/15766"}],"up":[{"embeddable":true,"href":"https:\/\/folkdansringen.se\/riks\/wp-json\/wp\/v2\/pages\/7994"}],"wp:attachment":[{"href":"https:\/\/folkdansringen.se\/riks\/wp-json\/wp\/v2\/media?parent=13972"}],"curies":[{"name":"wp","href":"https:\/\/api.w.org\/{rel}","templated":true}]}}