
{"id":10601,"date":"2019-12-04T14:10:36","date_gmt":"2019-12-04T13:10:36","guid":{"rendered":"https:\/\/ny.folkdansringen.se\/riksnya\/?page_id=10601"},"modified":"2024-01-29T14:14:31","modified_gmt":"2024-01-29T13:14:31","slug":"medlemsregister","status":"publish","type":"page","link":"https:\/\/folkdansringen.se\/riks\/foreningochfunktionar\/medlemskap\/medlemsregister\/","title":{"rendered":"Medlemsregister"},"content":{"rendered":"<p>[et_pb_section fb_built=&#8221;1&#8243; module_id=&#8221;fdrSiteWrap&#8221; _builder_version=&#8221;4.16&#8243; global_colors_info=&#8221;{}&#8221;][et_pb_row module_id=&#8221;fdrSiteHeader&#8221; _builder_version=&#8221;4.16&#8243; background_size=&#8221;initial&#8221; background_position=&#8221;top_left&#8221; background_repeat=&#8221;repeat&#8221; custom_padding=&#8221;27px|0px|0|0px|false|false&#8221; global_colors_info=&#8221;{}&#8221;][et_pb_column type=&#8221;4_4&#8243; _builder_version=&#8221;4.16&#8243; custom_padding=&#8221;|||&#8221; global_colors_info=&#8221;{}&#8221; custom_padding__hover=&#8221;|||&#8221;][et_pb_image src=&#8221;https:\/\/folkdansringen.se\/riks\/wp-content\/uploads\/2019\/12\/svenska-folkdansringen-medlemsskap_.jpeg&#8221; force_fullwidth=&#8221;on&#8221; align_tablet=&#8221;center&#8221; align_phone=&#8221;&#8221; align_last_edited=&#8221;on|desktop&#8221; module_id=&#8221;frdHeaderImage&#8221; _builder_version=&#8221;4.16&#8243; global_colors_info=&#8221;{}&#8221;][\/et_pb_image][\/et_pb_column][\/et_pb_row][et_pb_row column_structure=&#8221;1_4,1_2,1_4&#8243; module_id=&#8221;fdrThreecolumns&#8221; _builder_version=&#8221;4.16&#8243; custom_padding=&#8221;42px|0px|27px|0px|false|false&#8221; global_colors_info=&#8221;{}&#8221;][et_pb_column type=&#8221;1_4&#8243; _builder_version=&#8221;4.16&#8243; custom_padding=&#8221;|||&#8221; global_colors_info=&#8221;{}&#8221; custom_padding__hover=&#8221;|||&#8221;][et_pb_text _builder_version=&#8221;4.0.6&#8243; global_module=&#8221;10505&#8243; saved_tabs=&#8221;all&#8221; global_colors_info=&#8221;{}&#8221;]<\/p>\n<ul class=\"fdrUlLinks\">\n<li><a href=\"https:\/\/folkdansringen.se\/riks\/foreningochfunktionar\/medlemskap\/\">Medlemskap<\/a><\/li>\n<li><a href=\"https:\/\/folkdansringen.se\/riks\/foreningochfunktionar\/medlemskap\/medlemsavgifter\/\">Medlemsavgifter<\/a><\/li>\n<li><a href=\"https:\/\/folkdansringen.se\/riks\/foreningochfunktionar\/medlemskap\/medlemsforsakring\/\">Medlemsf\u00f6rs\u00e4kring<\/a><\/li>\n<li><a href=\"https:\/\/folkdansringen.se\/riks\/foreningochfunktionar\/medlemskap\/medlemsregister\/\">Medlemsregister<\/a><\/li>\n<\/ul>\n<p>[\/et_pb_text][\/et_pb_column][et_pb_column type=&#8221;1_2&#8243; _builder_version=&#8221;4.16&#8243; custom_padding=&#8221;|||&#8221; global_colors_info=&#8221;{}&#8221; custom_padding__hover=&#8221;|||&#8221;][et_pb_text module_id=&#8221;fdrWhatWeDoMiddle&#8221; _builder_version=&#8221;4.18.0&#8243; custom_padding=&#8221;||1px|||&#8221; global_colors_info=&#8221;{}&#8221;]<\/p>\n<h1>Medlemsregister<\/h1>\n<p><strong>F\u00f6r sitt medlemsregister anv\u00e4nder Svenska Folkdansringen verktyget Dans.se. Varje f\u00f6rening i Folkdansringen har tillg\u00e5ng till verktyget f\u00f6r att registrera sina medlemmar och funktion\u00e4rer.<\/strong><\/p>\n<h2><strong>Instruktioner<\/strong><\/h2>\n<h3>Handledning och lathundar<\/h3>\n<p>\u00d6vergripande handledning f\u00f6r Dans.se hittar du h\u00e4r p\u00e5 <a href=\"https:\/\/cogwork.se\/handledning\/\" target=\"_blank\" rel=\"noopener\">Cogwork.se\/handledning\u00a0<\/a><\/p>\n<p>Lathundar f\u00f6r registrering av personer och medlemskap i Svenska Folkdansringens f\u00f6reningar:<\/p>\n<p><a href=\"https:\/\/folkdansringen.se\/riks\/wp-content\/uploads\/2021\/01\/Lathund-registrera-ny-person.pdf\" rel=\"attachment wp-att-12168\"><\/a><a href=\"https:\/\/folkdansringen.se\/riks\/wp-content\/uploads\/2021\/01\/Lathund-registrera-nytt-verksamhetsar.pdf\" rel=\"attachment noopener noreferrer wp-att-12170\" target=\"_blank\">Nytt verksamhets\u00e5r att registrera &#8211; Lathund (pdf)<\/a><a href=\"https:\/\/folkdansringen.se\/riks\/wp-content\/uploads\/2021\/01\/Lathund-registrera-ny-person.pdf\" rel=\"attachment wp-att-12168\"><\/a><\/p>\n<p><a href=\"https:\/\/folkdansringen.se\/riks\/wp-content\/uploads\/2024\/01\/Lathund-registrera-ny-person-uppdaterad-2024.pdf\" rel=\"attachment noopener noreferrer wp-att-12168\" target=\"_blank\">Ny person att registrera &#8211; Lathund (pdf) <\/a><\/p>\n<p><a href=\"https:\/\/folkdansringen.se\/riks\/wp-content\/uploads\/2021\/01\/Lathund-registrera-nytt-medlemskap.pdf\" rel=\"attachment noopener noreferrer wp-att-12169\" target=\"_blank\">Nytt medlemskap att registrera &#8211; Lathund (pdf)<\/a><\/p>\n<h3>Instruktionsfilmer<\/h3>\n<p><strong>H\u00e4r hittar du ett antal instruktionsfilmer hur man g\u00f6r olika moment i medlemsregistret dans.se. <\/strong>Filmerna \u00e4r f\u00f6r f\u00f6reningar anslutna till Svenska Folkdansringen. Klicka p\u00e5 rubriken f\u00f6r att komma direkt till filmen.<\/p>\n<p><a href=\"https:\/\/www.youtube.com\/watch?v=QQjgc3MSuoE&amp;t=93s\" target=\"_blank\" rel=\"noopener\"><strong>Inloggning och meny\u00f6versikt<\/strong><\/a><strong><\/strong><\/p>\n<p><a href=\"https:\/\/youtu.be\/K3_-1n_A5y0\" target=\"_blank\" rel=\"noopener\"><strong>Dela ut administrat\u00f6rsbeh\u00f6righeter<\/strong><\/a><\/p>\n<p><a href=\"https:\/\/youtu.be\/X2PENu_hh_A\" target=\"_blank\" rel=\"noopener\"><strong>Uppgifter om din f\u00f6rening<\/strong><\/a><\/p>\n<p><a href=\"https:\/\/youtu.be\/gbsolDrj_Jg\" target=\"_blank\" rel=\"noopener\"><strong>Nytt verksamhets\u00e5r<\/strong><\/a><\/p>\n<p><a href=\"https:\/\/youtu.be\/3Sd-ktIaAKo\" target=\"_blank\" rel=\"noopener\"><strong>Meny\u00f6versikt och funktioner i adressboken<\/strong><\/a><\/p>\n<p><a href=\"https:\/\/youtu.be\/iHS94XpqVzY\"><strong>Ny medlem och Nytt medlemskaps\u00e5r f\u00f6r befintlig person<\/strong><\/a><\/p>\n<p><a href=\"https:\/\/youtu.be\/NgntT3HtbNk\" target=\"_blank\" rel=\"noopener\"><strong>Grupper &#8211; viktig att h\u00e5lla uppdaterad<\/strong><\/a><\/p>\n<p><a href=\"https:\/\/youtu.be\/9uAPgqdnVjk\" target=\"_blank\" rel=\"noopener\"><strong>Statistik p\u00e5 antal medlemmar f\u00f6reningar<\/strong><\/a><\/p>\n<p>&nbsp;<\/p>\n<h2>Hantering av personuppgifter<\/h2>\n<p>F\u00f6r att Folkdansringen ska kunna bedriva sin verksamhet behandlas personuppgifter f\u00f6r olika \u00e4ndam\u00e5l kopplade till verksamheten. Folkdansringen finns till f\u00f6r sina medlemsf\u00f6reningar vilket inneb\u00e4r att personuppgifter kommer att hanteras f\u00f6r att kunna fullf\u00f6lja det st\u00f6d och den service Folkdansringen tillhandah\u00e5ller. Det handlar exempelvis om administration f\u00f6r utbildning, ekonomiska transaktioner och statistik.<\/p>\n<p>L\u00e4s <a href=\"https:\/\/folkdansringen.se\/riks\/wp-content\/uploads\/2021\/01\/GDPR-Integritetspolicy-m.m.pdf\" rel=\"attachment noopener wp-att-12192\" target=\"_blank\">Svenska Folkdansringens GDPR &#8211; Integritetspolicy m m (pdf)<\/a><\/p>\n<h2>Medlemmar och funktion\u00e4rer<\/h2>\n<p>Som medlem eller funktion\u00e4r i Folkdansringen har du m\u00f6jlighet att se dina uppgifter som \u00e4r registrerade i Dans.se. Har du inte redan ett anv\u00e4ndarkonto d\u00e4r s\u00e5 \u00f6ppnar du det enkelt s\u00e5 h\u00e4r p\u00e5 <a href=\"https:\/\/dans.se\/session\/new_user\/\" target=\"_blank\" rel=\"noopener\">dans.se\/session\/new_user\/.<\/a><\/p>\n<h2>F\u00f6reningar och distrikt<\/h2>\n<h3>Register och utskick<\/h3>\n<p>Genom Dans.se f\u00e5r din f\u00f6rening eller distrikt tillg\u00e5ng till sitt medlemsregister inom Folkdansringen. \u00c4ven andra tj\u00e4nster ing\u00e5r som till exempel medlemsutskick.<\/p>\n<p>G\u00e5 till <a href=\"https:\/\/dans.se\/\" target=\"_blank\" rel=\"noopener noreferrer\" title=\"dans.se\">www.dans.se<\/a><\/p>\n<h3>Beh\u00f6righeter<\/h3>\n<p>Du loggar in via en vanlig webbl\u00e4sare f\u00f6r att komma \u00e5t den information och de verktyg du beh\u00f6ver och \u00e4r beh\u00f6rig till. Dans.se hanteras helt via webben och du slipper ladda hem program eller skicka uppgifter p\u00e5 annat s\u00e4tt.<\/p>\n<p>Beh\u00f6righet till registret f\u00e5r du via din f\u00f6rening eller riksorganisationen.<\/p>\n<p>Funktion\u00e4rer, kursansvariga med flera kan f\u00e5 beh\u00f6righet att se och hantera det som de beh\u00f6ver f\u00f6r sina uppdrag.<\/p>\n<p>&nbsp;<\/p>\n<h2>Upplysningar<\/h2>\n<p>Har du fr\u00e5gor om medlemsregistret \u00e4r du v\u00e4lkommen att <a href=\"https:\/\/folkdansringen.se\/riks\/kontakt\/\">kontakta Svenska Folkdansringens kansli<\/a>.<\/p>\n<p>&nbsp;<\/p>\n<p>[\/et_pb_text][\/et_pb_column][et_pb_column type=&#8221;1_4&#8243; _builder_version=&#8221;4.16&#8243; custom_padding=&#8221;|||&#8221; global_colors_info=&#8221;{}&#8221; custom_padding__hover=&#8221;|||&#8221;][et_pb_cta button_text=&#8221;Click Here&#8221; module_id=&#8221;fdrWhatWeDoRight&#8221; _builder_version=&#8221;4.17.1&#8243; use_background_color=&#8221;off&#8221; custom_margin=&#8221;3px|||||&#8221; global_module=&#8221;11220&#8243; saved_tabs=&#8221;all&#8221; global_colors_info=&#8221;{}&#8221;]<\/p>\n<h2>F\u00f6lj oss!<\/h2>\n<p>P\u00e5 sociala medier finns Svenska Folkdansringen med och inspirerar med inl\u00e4gg, bilder och filmer.<\/p>\n<p><a href=\"https:\/\/www.instagram.com\/svenskafolkdansringen\/\" target=\"_blank\" rel=\"noopener\"><img loading=\"lazy\" decoding=\"async\" src=\"https:\/\/folkdansringen.se\/riks\/wp-content\/uploads\/2022\/06\/Instagram-logo-30x30-1.png\" width=\"30\" height=\"30\" alt=\"Instagram logotyp\" class=\"wp-image-13463 alignnone size-full\" \/><\/a>\u00a0 \u00a0<a href=\"https:\/\/sv-se.facebook.com\/folkdansringen\/\" target=\"_blank\" rel=\"noopener\"><img loading=\"lazy\" decoding=\"async\" src=\"https:\/\/folkdansringen.se\/riks\/wp-content\/uploads\/2018\/11\/if_facebook_986944-e1542192611888.png\" width=\"30\" height=\"30\" alt=\"Logotyp Facebook\" class=\"wp-image-4862 alignnone size-full\" \/><\/a>\u00a0 \u00a0<a href=\"https:\/\/www.youtube.com\/channel\/UC7RlAFaHAMXiB6duonH98-A\" target=\"_blank\" rel=\"noopener\"><img loading=\"lazy\" decoding=\"async\" src=\"https:\/\/folkdansringen.se\/riks\/wp-content\/uploads\/2022\/06\/youtube-logo-43x30-1.png\" width=\"43\" height=\"30\" alt=\"Youtube logotyp\" class=\"wp-image-13473 alignnone size-full\" \/><\/a><\/p>\n<p><a href=\"http:\/\/www.folkdansringen.se\/riks\/folj-oss\">L\u00e4s mer om hur du kan f\u00f6lja oss!<\/a><\/p>\n<p>[\/et_pb_cta][\/et_pb_column][\/et_pb_row][\/et_pb_section]<\/p>\n","protected":false},"excerpt":{"rendered":"<p>Medlemskap Medlemsavgifter Medlemsf\u00f6rs\u00e4kring Medlemsregister Medlemsregister F\u00f6r sitt medlemsregister anv\u00e4nder Svenska Folkdansringen verktyget Dans.se. Varje f\u00f6rening i Folkdansringen har tillg\u00e5ng till verktyget f\u00f6r att registrera sina medlemmar och funktion\u00e4rer. Instruktioner Handledning och lathundar \u00d6vergripande handledning f\u00f6r Dans.se hittar du h\u00e4r p\u00e5 Cogwork.se\/handledning\u00a0 Lathundar f\u00f6r registrering av personer och medlemskap i Svenska Folkdansringens f\u00f6reningar: Nytt verksamhets\u00e5r att [&hellip;]<\/p>\n","protected":false},"author":1,"featured_media":0,"parent":7979,"menu_order":0,"comment_status":"closed","ping_status":"closed","template":"","meta":{"_et_pb_use_builder":"on","_et_pb_old_content":"","_et_gb_content_width":"","footnotes":""},"class_list":["post-10601","page","type-page","status-publish","hentry"],"yoast_head":"<!-- This site is optimized with the Yoast SEO plugin v27.4 - https:\/\/yoast.com\/product\/yoast-seo-wordpress\/ -->\n<title>Medlemsregister &#187; Folkdansringen<\/title>\n<meta name=\"robots\" content=\"index, follow, max-snippet:-1, max-image-preview:large, max-video-preview:-1\" \/>\n<link rel=\"canonical\" href=\"https:\/\/folkdansringen.se\/riks\/foreningochfunktionar\/medlemskap\/medlemsregister\/\" \/>\n<meta property=\"og:locale\" content=\"sv_SE\" \/>\n<meta property=\"og:type\" content=\"article\" \/>\n<meta property=\"og:title\" content=\"Medlemsregister &#187; Folkdansringen\" \/>\n<meta property=\"og:description\" content=\"Medlemskap Medlemsavgifter Medlemsf\u00f6rs\u00e4kring Medlemsregister Medlemsregister F\u00f6r sitt medlemsregister anv\u00e4nder Svenska Folkdansringen verktyget Dans.se. Varje f\u00f6rening i Folkdansringen har tillg\u00e5ng till verktyget f\u00f6r att registrera sina medlemmar och funktion\u00e4rer. Instruktioner Handledning och lathundar \u00d6vergripande handledning f\u00f6r Dans.se hittar du h\u00e4r p\u00e5 Cogwork.se\/handledning\u00a0 Lathundar f\u00f6r registrering av personer och medlemskap i Svenska Folkdansringens f\u00f6reningar: Nytt verksamhets\u00e5r att [&hellip;]\" \/>\n<meta property=\"og:url\" content=\"https:\/\/folkdansringen.se\/riks\/foreningochfunktionar\/medlemskap\/medlemsregister\/\" \/>\n<meta property=\"og:site_name\" content=\"Folkdansringen\" \/>\n<meta property=\"article:modified_time\" content=\"2024-01-29T13:14:31+00:00\" \/>\n<meta property=\"og:image\" content=\"https:\/\/folkdansringen.se\/riks\/wp-content\/uploads\/2022\/06\/Instagram-logo-30x30-1.png\" \/>\n<meta name=\"twitter:card\" content=\"summary_large_image\" \/>\n<meta name=\"twitter:label1\" content=\"Ber\u00e4knad l\u00e4stid\" \/>\n\t<meta name=\"twitter:data1\" content=\"4 minuter\" \/>\n<script type=\"application\/ld+json\" class=\"yoast-schema-graph\">{\"@context\":\"https:\\\/\\\/schema.org\",\"@graph\":[{\"@type\":\"WebPage\",\"@id\":\"https:\\\/\\\/folkdansringen.se\\\/riks\\\/foreningochfunktionar\\\/medlemskap\\\/medlemsregister\\\/\",\"url\":\"https:\\\/\\\/folkdansringen.se\\\/riks\\\/foreningochfunktionar\\\/medlemskap\\\/medlemsregister\\\/\",\"name\":\"Medlemsregister &#187; Folkdansringen\",\"isPartOf\":{\"@id\":\"https:\\\/\\\/folkdansringen.se\\\/riks\\\/#website\"},\"primaryImageOfPage\":{\"@id\":\"https:\\\/\\\/folkdansringen.se\\\/riks\\\/foreningochfunktionar\\\/medlemskap\\\/medlemsregister\\\/#primaryimage\"},\"image\":{\"@id\":\"https:\\\/\\\/folkdansringen.se\\\/riks\\\/foreningochfunktionar\\\/medlemskap\\\/medlemsregister\\\/#primaryimage\"},\"thumbnailUrl\":\"https:\\\/\\\/folkdansringen.se\\\/riks\\\/wp-content\\\/uploads\\\/2022\\\/06\\\/Instagram-logo-30x30-1.png\",\"datePublished\":\"2019-12-04T13:10:36+00:00\",\"dateModified\":\"2024-01-29T13:14:31+00:00\",\"breadcrumb\":{\"@id\":\"https:\\\/\\\/folkdansringen.se\\\/riks\\\/foreningochfunktionar\\\/medlemskap\\\/medlemsregister\\\/#breadcrumb\"},\"inLanguage\":\"sv-SE\",\"potentialAction\":[{\"@type\":\"ReadAction\",\"target\":[\"https:\\\/\\\/folkdansringen.se\\\/riks\\\/foreningochfunktionar\\\/medlemskap\\\/medlemsregister\\\/\"]}]},{\"@type\":\"ImageObject\",\"inLanguage\":\"sv-SE\",\"@id\":\"https:\\\/\\\/folkdansringen.se\\\/riks\\\/foreningochfunktionar\\\/medlemskap\\\/medlemsregister\\\/#primaryimage\",\"url\":\"https:\\\/\\\/folkdansringen.se\\\/riks\\\/wp-content\\\/uploads\\\/2022\\\/06\\\/Instagram-logo-30x30-1.png\",\"contentUrl\":\"https:\\\/\\\/folkdansringen.se\\\/riks\\\/wp-content\\\/uploads\\\/2022\\\/06\\\/Instagram-logo-30x30-1.png\",\"width\":30,\"height\":30,\"caption\":\"Instagram logotyp\"},{\"@type\":\"BreadcrumbList\",\"@id\":\"https:\\\/\\\/folkdansringen.se\\\/riks\\\/foreningochfunktionar\\\/medlemskap\\\/medlemsregister\\\/#breadcrumb\",\"itemListElement\":[{\"@type\":\"ListItem\",\"position\":1,\"name\":\"Hem\",\"item\":\"https:\\\/\\\/folkdansringen.se\\\/riks\\\/\"},{\"@type\":\"ListItem\",\"position\":2,\"name\":\"F\u00f6rening och funktion\u00e4r\",\"item\":\"https:\\\/\\\/folkdansringen.se\\\/riks\\\/foreningochfunktionar\\\/\"},{\"@type\":\"ListItem\",\"position\":3,\"name\":\"Medlemskap\",\"item\":\"https:\\\/\\\/folkdansringen.se\\\/riks\\\/foreningochfunktionar\\\/medlemskap\\\/\"},{\"@type\":\"ListItem\",\"position\":4,\"name\":\"Medlemsregister\"}]},{\"@type\":\"WebSite\",\"@id\":\"https:\\\/\\\/folkdansringen.se\\\/riks\\\/#website\",\"url\":\"https:\\\/\\\/folkdansringen.se\\\/riks\\\/\",\"name\":\"Folkdansringen\",\"description\":\"\",\"potentialAction\":[{\"@type\":\"SearchAction\",\"target\":{\"@type\":\"EntryPoint\",\"urlTemplate\":\"https:\\\/\\\/folkdansringen.se\\\/riks\\\/?s={search_term_string}\"},\"query-input\":{\"@type\":\"PropertyValueSpecification\",\"valueRequired\":true,\"valueName\":\"search_term_string\"}}],\"inLanguage\":\"sv-SE\"}]}<\/script>\n<!-- \/ Yoast SEO plugin. -->","yoast_head_json":{"title":"Medlemsregister &#187; Folkdansringen","robots":{"index":"index","follow":"follow","max-snippet":"max-snippet:-1","max-image-preview":"max-image-preview:large","max-video-preview":"max-video-preview:-1"},"canonical":"https:\/\/folkdansringen.se\/riks\/foreningochfunktionar\/medlemskap\/medlemsregister\/","og_locale":"sv_SE","og_type":"article","og_title":"Medlemsregister &#187; Folkdansringen","og_description":"Medlemskap Medlemsavgifter Medlemsf\u00f6rs\u00e4kring Medlemsregister Medlemsregister F\u00f6r sitt medlemsregister anv\u00e4nder Svenska Folkdansringen verktyget Dans.se. Varje f\u00f6rening i Folkdansringen har tillg\u00e5ng till verktyget f\u00f6r att registrera sina medlemmar och funktion\u00e4rer. Instruktioner Handledning och lathundar \u00d6vergripande handledning f\u00f6r Dans.se hittar du h\u00e4r p\u00e5 Cogwork.se\/handledning\u00a0 Lathundar f\u00f6r registrering av personer och medlemskap i Svenska Folkdansringens f\u00f6reningar: Nytt verksamhets\u00e5r att [&hellip;]","og_url":"https:\/\/folkdansringen.se\/riks\/foreningochfunktionar\/medlemskap\/medlemsregister\/","og_site_name":"Folkdansringen","article_modified_time":"2024-01-29T13:14:31+00:00","og_image":[{"url":"https:\/\/folkdansringen.se\/riks\/wp-content\/uploads\/2022\/06\/Instagram-logo-30x30-1.png","type":"","width":"","height":""}],"twitter_card":"summary_large_image","twitter_misc":{"Ber\u00e4knad l\u00e4stid":"4 minuter"},"schema":{"@context":"https:\/\/schema.org","@graph":[{"@type":"WebPage","@id":"https:\/\/folkdansringen.se\/riks\/foreningochfunktionar\/medlemskap\/medlemsregister\/","url":"https:\/\/folkdansringen.se\/riks\/foreningochfunktionar\/medlemskap\/medlemsregister\/","name":"Medlemsregister &#187; Folkdansringen","isPartOf":{"@id":"https:\/\/folkdansringen.se\/riks\/#website"},"primaryImageOfPage":{"@id":"https:\/\/folkdansringen.se\/riks\/foreningochfunktionar\/medlemskap\/medlemsregister\/#primaryimage"},"image":{"@id":"https:\/\/folkdansringen.se\/riks\/foreningochfunktionar\/medlemskap\/medlemsregister\/#primaryimage"},"thumbnailUrl":"https:\/\/folkdansringen.se\/riks\/wp-content\/uploads\/2022\/06\/Instagram-logo-30x30-1.png","datePublished":"2019-12-04T13:10:36+00:00","dateModified":"2024-01-29T13:14:31+00:00","breadcrumb":{"@id":"https:\/\/folkdansringen.se\/riks\/foreningochfunktionar\/medlemskap\/medlemsregister\/#breadcrumb"},"inLanguage":"sv-SE","potentialAction":[{"@type":"ReadAction","target":["https:\/\/folkdansringen.se\/riks\/foreningochfunktionar\/medlemskap\/medlemsregister\/"]}]},{"@type":"ImageObject","inLanguage":"sv-SE","@id":"https:\/\/folkdansringen.se\/riks\/foreningochfunktionar\/medlemskap\/medlemsregister\/#primaryimage","url":"https:\/\/folkdansringen.se\/riks\/wp-content\/uploads\/2022\/06\/Instagram-logo-30x30-1.png","contentUrl":"https:\/\/folkdansringen.se\/riks\/wp-content\/uploads\/2022\/06\/Instagram-logo-30x30-1.png","width":30,"height":30,"caption":"Instagram logotyp"},{"@type":"BreadcrumbList","@id":"https:\/\/folkdansringen.se\/riks\/foreningochfunktionar\/medlemskap\/medlemsregister\/#breadcrumb","itemListElement":[{"@type":"ListItem","position":1,"name":"Hem","item":"https:\/\/folkdansringen.se\/riks\/"},{"@type":"ListItem","position":2,"name":"F\u00f6rening och funktion\u00e4r","item":"https:\/\/folkdansringen.se\/riks\/foreningochfunktionar\/"},{"@type":"ListItem","position":3,"name":"Medlemskap","item":"https:\/\/folkdansringen.se\/riks\/foreningochfunktionar\/medlemskap\/"},{"@type":"ListItem","position":4,"name":"Medlemsregister"}]},{"@type":"WebSite","@id":"https:\/\/folkdansringen.se\/riks\/#website","url":"https:\/\/folkdansringen.se\/riks\/","name":"Folkdansringen","description":"","potentialAction":[{"@type":"SearchAction","target":{"@type":"EntryPoint","urlTemplate":"https:\/\/folkdansringen.se\/riks\/?s={search_term_string}"},"query-input":{"@type":"PropertyValueSpecification","valueRequired":true,"valueName":"search_term_string"}}],"inLanguage":"sv-SE"}]}},"_links":{"self":[{"href":"https:\/\/folkdansringen.se\/riks\/wp-json\/wp\/v2\/pages\/10601","targetHints":{"allow":["GET"]}}],"collection":[{"href":"https:\/\/folkdansringen.se\/riks\/wp-json\/wp\/v2\/pages"}],"about":[{"href":"https:\/\/folkdansringen.se\/riks\/wp-json\/wp\/v2\/types\/page"}],"author":[{"embeddable":true,"href":"https:\/\/folkdansringen.se\/riks\/wp-json\/wp\/v2\/users\/1"}],"replies":[{"embeddable":true,"href":"https:\/\/folkdansringen.se\/riks\/wp-json\/wp\/v2\/comments?post=10601"}],"version-history":[{"count":22,"href":"https:\/\/folkdansringen.se\/riks\/wp-json\/wp\/v2\/pages\/10601\/revisions"}],"predecessor-version":[{"id":14479,"href":"https:\/\/folkdansringen.se\/riks\/wp-json\/wp\/v2\/pages\/10601\/revisions\/14479"}],"up":[{"embeddable":true,"href":"https:\/\/folkdansringen.se\/riks\/wp-json\/wp\/v2\/pages\/7979"}],"wp:attachment":[{"href":"https:\/\/folkdansringen.se\/riks\/wp-json\/wp\/v2\/media?parent=10601"}],"curies":[{"name":"wp","href":"https:\/\/api.w.org\/{rel}","templated":true}]}}