{"id":36,"date":"2022-02-07T20:31:39","date_gmt":"2022-02-07T20:31:39","guid":{"rendered":"https:\/\/folkdansringen.se\/nykopingshus\/?page_id=36"},"modified":"2026-04-27T09:09:15","modified_gmt":"2026-04-27T09:09:15","slug":"bilder","status":"publish","type":"page","link":"https:\/\/folkdansringen.se\/nykopingshus\/bilder\/","title":{"rendered":"Bilder"},"content":{"rendered":"\n<p>H\u00e4r kommer du kunna f\u00e5 se nya aktuella bilder fr\u00e5n v\u00e5r f\u00f6rening.<\/p>\n\n\n\n<p>Uppvisning p\u00e5 Culturum p\u00e5 Dansens Dag 2026-04-25<\/p>\n\n\n\n<figure class=\"wp-block-image size-large is-resized\"><img loading=\"lazy\" decoding=\"async\" width=\"1001\" height=\"1024\" src=\"https:\/\/folkdansringen.se\/nykopingshus\/wp-content\/uploads\/2026\/04\/IMG_20260425_133853-4-1-1001x1024.jpg\" alt=\"\" class=\"wp-image-650\" style=\"aspect-ratio:0.9775434130375489;width:434px;height:auto\" srcset=\"https:\/\/folkdansringen.se\/nykopingshus\/wp-content\/uploads\/2026\/04\/IMG_20260425_133853-4-1-1001x1024.jpg 1001w, https:\/\/folkdansringen.se\/nykopingshus\/wp-content\/uploads\/2026\/04\/IMG_20260425_133853-4-1-293x300.jpg 293w, https:\/\/folkdansringen.se\/nykopingshus\/wp-content\/uploads\/2026\/04\/IMG_20260425_133853-4-1-768x786.jpg 768w, https:\/\/folkdansringen.se\/nykopingshus\/wp-content\/uploads\/2026\/04\/IMG_20260425_133853-4-1.jpg 1321w\" sizes=\"auto, (max-width: 1001px) 100vw, 1001px\" \/><\/figure>\n\n\n\n<figure class=\"wp-block-image size-large is-resized\"><img loading=\"lazy\" decoding=\"async\" width=\"1024\" height=\"701\" src=\"https:\/\/folkdansringen.se\/nykopingshus\/wp-content\/uploads\/2026\/04\/IMG_20260425_133853-5-2-1024x701.jpg\" alt=\"\" class=\"wp-image-649\" style=\"aspect-ratio:1.4607901744470408;width:432px;height:auto\" srcset=\"https:\/\/folkdansringen.se\/nykopingshus\/wp-content\/uploads\/2026\/04\/IMG_20260425_133853-5-2-1024x701.jpg 1024w, https:\/\/folkdansringen.se\/nykopingshus\/wp-content\/uploads\/2026\/04\/IMG_20260425_133853-5-2-300x205.jpg 300w, https:\/\/folkdansringen.se\/nykopingshus\/wp-content\/uploads\/2026\/04\/IMG_20260425_133853-5-2-768x526.jpg 768w, https:\/\/folkdansringen.se\/nykopingshus\/wp-content\/uploads\/2026\/04\/IMG_20260425_133853-5-2.jpg 1351w\" sizes=\"auto, (max-width: 1024px) 100vw, 1024px\" \/><\/figure>\n\n\n\n<p>Midsommar vid Tovastugan 2024 var en v\u00e4lbes\u00f6kt tillst\u00e4llning.<\/p>\n\n\n\n<figure class=\"wp-block-image size-full is-resized\"><img loading=\"lazy\" decoding=\"async\" width=\"320\" height=\"240\" src=\"https:\/\/folkdansringen.se\/nykopingshus\/wp-content\/uploads\/2024\/07\/mid3.jpg\" alt=\"\" class=\"wp-image-462\" style=\"width:429px;height:auto\" srcset=\"https:\/\/folkdansringen.se\/nykopingshus\/wp-content\/uploads\/2024\/07\/mid3.jpg 320w, https:\/\/folkdansringen.se\/nykopingshus\/wp-content\/uploads\/2024\/07\/mid3-300x225.jpg 300w\" sizes=\"auto, (max-width: 320px) 100vw, 320px\" \/><\/figure>\n\n\n\n<figure class=\"wp-block-image size-full is-resized\"><img loading=\"lazy\" decoding=\"async\" width=\"480\" height=\"360\" src=\"https:\/\/folkdansringen.se\/nykopingshus\/wp-content\/uploads\/2024\/07\/mis2.jpg\" alt=\"\" class=\"wp-image-460\" style=\"width:432px;height:auto\" srcset=\"https:\/\/folkdansringen.se\/nykopingshus\/wp-content\/uploads\/2024\/07\/mis2.jpg 480w, https:\/\/folkdansringen.se\/nykopingshus\/wp-content\/uploads\/2024\/07\/mis2-300x225.jpg 300w\" sizes=\"auto, (max-width: 480px) 100vw, 480px\" \/><\/figure>\n\n\n\n<figure class=\"wp-block-image size-full is-resized\"><img loading=\"lazy\" decoding=\"async\" width=\"240\" height=\"320\" src=\"https:\/\/folkdansringen.se\/nykopingshus\/wp-content\/uploads\/2024\/07\/mid1.jpg\" alt=\"\" class=\"wp-image-458\" style=\"width:428px;height:auto\" srcset=\"https:\/\/folkdansringen.se\/nykopingshus\/wp-content\/uploads\/2024\/07\/mid1.jpg 240w, https:\/\/folkdansringen.se\/nykopingshus\/wp-content\/uploads\/2024\/07\/mid1-225x300.jpg 225w\" sizes=\"auto, (max-width: 240px) 100vw, 240px\" \/><\/figure>\n\n\n\n<p>Uppvisning p\u00e5 Riggargatans \u00c4ldreboende 2024-06-18<\/p>\n\n\n\n<figure class=\"wp-block-image size-large is-resized\"><img loading=\"lazy\" decoding=\"async\" width=\"768\" height=\"1024\" src=\"https:\/\/folkdansringen.se\/nykopingshus\/wp-content\/uploads\/2024\/07\/IMG_6410-768x1024.jpeg\" alt=\"\" class=\"wp-image-455\" style=\"width:435px;height:auto\" srcset=\"https:\/\/folkdansringen.se\/nykopingshus\/wp-content\/uploads\/2024\/07\/IMG_6410-768x1024.jpeg 768w, https:\/\/folkdansringen.se\/nykopingshus\/wp-content\/uploads\/2024\/07\/IMG_6410-225x300.jpeg 225w, https:\/\/folkdansringen.se\/nykopingshus\/wp-content\/uploads\/2024\/07\/IMG_6410-1152x1536.jpeg 1152w, https:\/\/folkdansringen.se\/nykopingshus\/wp-content\/uploads\/2024\/07\/IMG_6410.jpeg 1536w\" sizes=\"auto, (max-width: 768px) 100vw, 768px\" \/><\/figure>\n\n\n\n<figure class=\"wp-block-image size-large is-resized\"><img loading=\"lazy\" decoding=\"async\" width=\"768\" height=\"1024\" src=\"https:\/\/folkdansringen.se\/nykopingshus\/wp-content\/uploads\/2024\/07\/IMG_6408-768x1024.jpeg\" alt=\"\" class=\"wp-image-453\" style=\"width:440px;height:auto\" srcset=\"https:\/\/folkdansringen.se\/nykopingshus\/wp-content\/uploads\/2024\/07\/IMG_6408-768x1024.jpeg 768w, https:\/\/folkdansringen.se\/nykopingshus\/wp-content\/uploads\/2024\/07\/IMG_6408-225x300.jpeg 225w, https:\/\/folkdansringen.se\/nykopingshus\/wp-content\/uploads\/2024\/07\/IMG_6408-1152x1536.jpeg 1152w, https:\/\/folkdansringen.se\/nykopingshus\/wp-content\/uploads\/2024\/07\/IMG_6408.jpeg 1536w\" sizes=\"auto, (max-width: 768px) 100vw, 768px\" \/><\/figure>\n\n\n\n<figure class=\"wp-block-image size-large is-resized\"><img loading=\"lazy\" decoding=\"async\" width=\"768\" height=\"1024\" src=\"https:\/\/folkdansringen.se\/nykopingshus\/wp-content\/uploads\/2024\/07\/IMG_6407-768x1024.jpeg\" alt=\"\" class=\"wp-image-451\" style=\"width:442px;height:auto\" srcset=\"https:\/\/folkdansringen.se\/nykopingshus\/wp-content\/uploads\/2024\/07\/IMG_6407-768x1024.jpeg 768w, https:\/\/folkdansringen.se\/nykopingshus\/wp-content\/uploads\/2024\/07\/IMG_6407-225x300.jpeg 225w, https:\/\/folkdansringen.se\/nykopingshus\/wp-content\/uploads\/2024\/07\/IMG_6407-1152x1536.jpeg 1152w, https:\/\/folkdansringen.se\/nykopingshus\/wp-content\/uploads\/2024\/07\/IMG_6407.jpeg 1536w\" sizes=\"auto, (max-width: 768px) 100vw, 768px\" \/><\/figure>\n\n\n\n<p>Midsommar 2023 vid Tovastugan<\/p>\n\n\n\n<figure class=\"wp-block-image size-large is-resized\"><img loading=\"lazy\" decoding=\"async\" width=\"1024\" height=\"768\" src=\"https:\/\/folkdansringen.se\/nykopingshus\/wp-content\/uploads\/2023\/06\/IMG_3632-1024x768.jpg\" alt=\"\" class=\"wp-image-338\" style=\"width:445px;height:334px\" srcset=\"https:\/\/folkdansringen.se\/nykopingshus\/wp-content\/uploads\/2023\/06\/IMG_3632-1024x768.jpg 1024w, https:\/\/folkdansringen.se\/nykopingshus\/wp-content\/uploads\/2023\/06\/IMG_3632-300x225.jpg 300w, https:\/\/folkdansringen.se\/nykopingshus\/wp-content\/uploads\/2023\/06\/IMG_3632-768x576.jpg 768w, https:\/\/folkdansringen.se\/nykopingshus\/wp-content\/uploads\/2023\/06\/IMG_3632-1536x1152.jpg 1536w, https:\/\/folkdansringen.se\/nykopingshus\/wp-content\/uploads\/2023\/06\/IMG_3632-2048x1536.jpg 2048w, https:\/\/folkdansringen.se\/nykopingshus\/wp-content\/uploads\/2023\/06\/IMG_3632-1560x1170.jpg 1560w\" sizes=\"auto, (max-width: 1024px) 100vw, 1024px\" \/><\/figure>\n\n\n\n<figure class=\"wp-block-image size-large is-resized\"><img loading=\"lazy\" decoding=\"async\" width=\"1024\" height=\"768\" src=\"https:\/\/folkdansringen.se\/nykopingshus\/wp-content\/uploads\/2023\/06\/IMG_3631-1024x768.jpg\" alt=\"Midsommar 2023\" class=\"wp-image-333\" style=\"width:446px;height:335px\" srcset=\"https:\/\/folkdansringen.se\/nykopingshus\/wp-content\/uploads\/2023\/06\/IMG_3631-1024x768.jpg 1024w, https:\/\/folkdansringen.se\/nykopingshus\/wp-content\/uploads\/2023\/06\/IMG_3631-300x225.jpg 300w, https:\/\/folkdansringen.se\/nykopingshus\/wp-content\/uploads\/2023\/06\/IMG_3631-768x576.jpg 768w, https:\/\/folkdansringen.se\/nykopingshus\/wp-content\/uploads\/2023\/06\/IMG_3631-1536x1152.jpg 1536w, https:\/\/folkdansringen.se\/nykopingshus\/wp-content\/uploads\/2023\/06\/IMG_3631-2048x1536.jpg 2048w, https:\/\/folkdansringen.se\/nykopingshus\/wp-content\/uploads\/2023\/06\/IMG_3631-1560x1170.jpg 1560w\" sizes=\"auto, (max-width: 1024px) 100vw, 1024px\" \/><\/figure>\n\n\n\n<figure class=\"wp-block-image size-large is-resized\"><img loading=\"lazy\" decoding=\"async\" width=\"1024\" height=\"768\" src=\"https:\/\/folkdansringen.se\/nykopingshus\/wp-content\/uploads\/2023\/06\/IMG_2563-1024x768.jpg\" alt=\"\" class=\"wp-image-340\" style=\"width:445px;height:334px\" srcset=\"https:\/\/folkdansringen.se\/nykopingshus\/wp-content\/uploads\/2023\/06\/IMG_2563-1024x768.jpg 1024w, https:\/\/folkdansringen.se\/nykopingshus\/wp-content\/uploads\/2023\/06\/IMG_2563-300x225.jpg 300w, https:\/\/folkdansringen.se\/nykopingshus\/wp-content\/uploads\/2023\/06\/IMG_2563-768x576.jpg 768w, https:\/\/folkdansringen.se\/nykopingshus\/wp-content\/uploads\/2023\/06\/IMG_2563-1536x1152.jpg 1536w, https:\/\/folkdansringen.se\/nykopingshus\/wp-content\/uploads\/2023\/06\/IMG_2563-2048x1536.jpg 2048w, https:\/\/folkdansringen.se\/nykopingshus\/wp-content\/uploads\/2023\/06\/IMG_2563-1560x1170.jpg 1560w\" sizes=\"auto, (max-width: 1024px) 100vw, 1024px\" \/><\/figure>\n\n\n\n<p>Nationaldagen 6:e juni 2023<\/p>\n\n\n\n<figure class=\"wp-block-image size-full is-resized\"><img loading=\"lazy\" decoding=\"async\" width=\"779\" height=\"800\" src=\"https:\/\/folkdansringen.se\/nykopingshus\/wp-content\/uploads\/2023\/06\/IMG_0518-1.jpg\" alt=\"\" class=\"wp-image-342\" style=\"width:446px;height:458px\" srcset=\"https:\/\/folkdansringen.se\/nykopingshus\/wp-content\/uploads\/2023\/06\/IMG_0518-1.jpg 779w, https:\/\/folkdansringen.se\/nykopingshus\/wp-content\/uploads\/2023\/06\/IMG_0518-1-292x300.jpg 292w, https:\/\/folkdansringen.se\/nykopingshus\/wp-content\/uploads\/2023\/06\/IMG_0518-1-768x789.jpg 768w\" sizes=\"auto, (max-width: 779px) 100vw, 779px\" \/><\/figure>\n\n\n\n<figure class=\"wp-block-image size-large is-resized\"><img loading=\"lazy\" decoding=\"async\" width=\"1024\" height=\"712\" src=\"https:\/\/folkdansringen.se\/nykopingshus\/wp-content\/uploads\/2023\/06\/IMG_0524-1024x712.jpg\" alt=\"\" class=\"wp-image-354\" style=\"width:447px;height:311px\" srcset=\"https:\/\/folkdansringen.se\/nykopingshus\/wp-content\/uploads\/2023\/06\/IMG_0524-1024x712.jpg 1024w, https:\/\/folkdansringen.se\/nykopingshus\/wp-content\/uploads\/2023\/06\/IMG_0524-300x209.jpg 300w, https:\/\/folkdansringen.se\/nykopingshus\/wp-content\/uploads\/2023\/06\/IMG_0524-768x534.jpg 768w, https:\/\/folkdansringen.se\/nykopingshus\/wp-content\/uploads\/2023\/06\/IMG_0524-1536x1068.jpg 1536w, https:\/\/folkdansringen.se\/nykopingshus\/wp-content\/uploads\/2023\/06\/IMG_0524-1560x1085.jpg 1560w, https:\/\/folkdansringen.se\/nykopingshus\/wp-content\/uploads\/2023\/06\/IMG_0524.jpg 1803w\" sizes=\"auto, (max-width: 1024px) 100vw, 1024px\" \/><\/figure>\n\n\n\n<figure class=\"wp-block-image size-large is-resized\"><img loading=\"lazy\" decoding=\"async\" width=\"1024\" height=\"887\" src=\"https:\/\/folkdansringen.se\/nykopingshus\/wp-content\/uploads\/2023\/06\/IMG_0527-1-1024x887.jpg\" alt=\"\" class=\"wp-image-356\" style=\"width:444px;height:384px\" srcset=\"https:\/\/folkdansringen.se\/nykopingshus\/wp-content\/uploads\/2023\/06\/IMG_0527-1-1024x887.jpg 1024w, https:\/\/folkdansringen.se\/nykopingshus\/wp-content\/uploads\/2023\/06\/IMG_0527-1-300x260.jpg 300w, https:\/\/folkdansringen.se\/nykopingshus\/wp-content\/uploads\/2023\/06\/IMG_0527-1-768x665.jpg 768w, https:\/\/folkdansringen.se\/nykopingshus\/wp-content\/uploads\/2023\/06\/IMG_0527-1.jpg 1437w\" sizes=\"auto, (max-width: 1024px) 100vw, 1024px\" \/><\/figure>\n\n\n\n<figure class=\"wp-block-image size-large is-resized\"><img loading=\"lazy\" decoding=\"async\" width=\"1024\" height=\"908\" src=\"https:\/\/folkdansringen.se\/nykopingshus\/wp-content\/uploads\/2023\/06\/IMG_0528-1024x908.jpg\" alt=\"\" class=\"wp-image-359\" style=\"width:439px;height:388px\" srcset=\"https:\/\/folkdansringen.se\/nykopingshus\/wp-content\/uploads\/2023\/06\/IMG_0528-1024x908.jpg 1024w, https:\/\/folkdansringen.se\/nykopingshus\/wp-content\/uploads\/2023\/06\/IMG_0528-300x266.jpg 300w, https:\/\/folkdansringen.se\/nykopingshus\/wp-content\/uploads\/2023\/06\/IMG_0528-768x681.jpg 768w, https:\/\/folkdansringen.se\/nykopingshus\/wp-content\/uploads\/2023\/06\/IMG_0528.jpg 1481w\" sizes=\"auto, (max-width: 1024px) 100vw, 1024px\" \/><\/figure>\n\n\n\n<p>Malmk\u00f6ping 2023<\/p>\n\n\n\n<figure class=\"wp-block-image size-large is-resized\"><img loading=\"lazy\" decoding=\"async\" width=\"1024\" height=\"769\" src=\"https:\/\/folkdansringen.se\/nykopingshus\/wp-content\/uploads\/2023\/06\/IMG_20230527_110406993-kopia-1024x769.jpg\" alt=\"\" class=\"wp-image-312\" style=\"width:445px;height:333px\" srcset=\"https:\/\/folkdansringen.se\/nykopingshus\/wp-content\/uploads\/2023\/06\/IMG_20230527_110406993-kopia-1024x769.jpg 1024w, https:\/\/folkdansringen.se\/nykopingshus\/wp-content\/uploads\/2023\/06\/IMG_20230527_110406993-kopia-300x225.jpg 300w, https:\/\/folkdansringen.se\/nykopingshus\/wp-content\/uploads\/2023\/06\/IMG_20230527_110406993-kopia-768x577.jpg 768w, https:\/\/folkdansringen.se\/nykopingshus\/wp-content\/uploads\/2023\/06\/IMG_20230527_110406993-kopia-1536x1153.jpg 1536w, https:\/\/folkdansringen.se\/nykopingshus\/wp-content\/uploads\/2023\/06\/IMG_20230527_110406993-kopia-2048x1538.jpg 2048w, https:\/\/folkdansringen.se\/nykopingshus\/wp-content\/uploads\/2023\/06\/IMG_20230527_110406993-kopia-1560x1171.jpg 1560w\" sizes=\"auto, (max-width: 1024px) 100vw, 1024px\" \/><\/figure>\n\n\n\n<figure class=\"wp-block-image size-full is-resized\"><img loading=\"lazy\" decoding=\"async\" width=\"1024\" height=\"769\" src=\"https:\/\/folkdansringen.se\/nykopingshus\/wp-content\/uploads\/2023\/06\/malm.png\" alt=\"\" class=\"wp-image-351\" style=\"width:448px;height:336px\" srcset=\"https:\/\/folkdansringen.se\/nykopingshus\/wp-content\/uploads\/2023\/06\/malm.png 1024w, https:\/\/folkdansringen.se\/nykopingshus\/wp-content\/uploads\/2023\/06\/malm-300x225.png 300w, https:\/\/folkdansringen.se\/nykopingshus\/wp-content\/uploads\/2023\/06\/malm-768x577.png 768w\" sizes=\"auto, (max-width: 1024px) 100vw, 1024px\" \/><\/figure>\n\n\n\n<figure class=\"wp-block-image size-large is-resized\"><img loading=\"lazy\" decoding=\"async\" width=\"1024\" height=\"769\" src=\"https:\/\/folkdansringen.se\/nykopingshus\/wp-content\/uploads\/2023\/06\/IMG_20230527_111806717-1024x769.jpg\" alt=\"\" class=\"wp-image-308\" style=\"width:449px;height:336px\" srcset=\"https:\/\/folkdansringen.se\/nykopingshus\/wp-content\/uploads\/2023\/06\/IMG_20230527_111806717-1024x769.jpg 1024w, https:\/\/folkdansringen.se\/nykopingshus\/wp-content\/uploads\/2023\/06\/IMG_20230527_111806717-300x225.jpg 300w, https:\/\/folkdansringen.se\/nykopingshus\/wp-content\/uploads\/2023\/06\/IMG_20230527_111806717-768x577.jpg 768w, https:\/\/folkdansringen.se\/nykopingshus\/wp-content\/uploads\/2023\/06\/IMG_20230527_111806717-1536x1153.jpg 1536w, https:\/\/folkdansringen.se\/nykopingshus\/wp-content\/uploads\/2023\/06\/IMG_20230527_111806717-2048x1538.jpg 2048w, https:\/\/folkdansringen.se\/nykopingshus\/wp-content\/uploads\/2023\/06\/IMG_20230527_111806717-1560x1171.jpg 1560w\" sizes=\"auto, (max-width: 1024px) 100vw, 1024px\" \/><\/figure>\n\n\n\n<figure class=\"wp-block-image size-large is-resized\"><img loading=\"lazy\" decoding=\"async\" width=\"1024\" height=\"769\" src=\"https:\/\/folkdansringen.se\/nykopingshus\/wp-content\/uploads\/2023\/05\/IMG_20230527_110328831-kopia-1024x769.jpg\" alt=\"\" class=\"wp-image-295\" style=\"width:447px;height:335px\" srcset=\"https:\/\/folkdansringen.se\/nykopingshus\/wp-content\/uploads\/2023\/05\/IMG_20230527_110328831-kopia-1024x769.jpg 1024w, https:\/\/folkdansringen.se\/nykopingshus\/wp-content\/uploads\/2023\/05\/IMG_20230527_110328831-kopia-300x225.jpg 300w, https:\/\/folkdansringen.se\/nykopingshus\/wp-content\/uploads\/2023\/05\/IMG_20230527_110328831-kopia-768x577.jpg 768w, https:\/\/folkdansringen.se\/nykopingshus\/wp-content\/uploads\/2023\/05\/IMG_20230527_110328831-kopia-1536x1153.jpg 1536w, https:\/\/folkdansringen.se\/nykopingshus\/wp-content\/uploads\/2023\/05\/IMG_20230527_110328831-kopia-2048x1538.jpg 2048w, https:\/\/folkdansringen.se\/nykopingshus\/wp-content\/uploads\/2023\/05\/IMG_20230527_110328831-kopia-1560x1171.jpg 1560w\" sizes=\"auto, (max-width: 1024px) 100vw, 1024px\" \/><\/figure>\n\n\n\n<figure class=\"wp-block-image size-large is-resized\"><img loading=\"lazy\" decoding=\"async\" width=\"1024\" height=\"769\" src=\"https:\/\/folkdansringen.se\/nykopingshus\/wp-content\/uploads\/2023\/05\/IMG_20230527_110200417-1024x769.jpg\" alt=\"\" class=\"wp-image-293\" style=\"width:448px;height:336px\" srcset=\"https:\/\/folkdansringen.se\/nykopingshus\/wp-content\/uploads\/2023\/05\/IMG_20230527_110200417-1024x769.jpg 1024w, https:\/\/folkdansringen.se\/nykopingshus\/wp-content\/uploads\/2023\/05\/IMG_20230527_110200417-300x225.jpg 300w, https:\/\/folkdansringen.se\/nykopingshus\/wp-content\/uploads\/2023\/05\/IMG_20230527_110200417-768x577.jpg 768w, https:\/\/folkdansringen.se\/nykopingshus\/wp-content\/uploads\/2023\/05\/IMG_20230527_110200417-1536x1153.jpg 1536w, https:\/\/folkdansringen.se\/nykopingshus\/wp-content\/uploads\/2023\/05\/IMG_20230527_110200417-2048x1538.jpg 2048w, https:\/\/folkdansringen.se\/nykopingshus\/wp-content\/uploads\/2023\/05\/IMG_20230527_110200417-1560x1171.jpg 1560w\" sizes=\"auto, (max-width: 1024px) 100vw, 1024px\" \/><\/figure>\n\n\n\n<figure class=\"wp-block-image size-large is-resized\"><img loading=\"lazy\" decoding=\"async\" width=\"768\" height=\"1024\" src=\"https:\/\/folkdansringen.se\/nykopingshus\/wp-content\/uploads\/2022\/07\/20220624_131929-768x1024.jpg\" alt=\"\" class=\"wp-image-191\" style=\"width:452px;height:602px\" srcset=\"https:\/\/folkdansringen.se\/nykopingshus\/wp-content\/uploads\/2022\/07\/20220624_131929-768x1024.jpg 768w, https:\/\/folkdansringen.se\/nykopingshus\/wp-content\/uploads\/2022\/07\/20220624_131929-225x300.jpg 225w, https:\/\/folkdansringen.se\/nykopingshus\/wp-content\/uploads\/2022\/07\/20220624_131929-1152x1536.jpg 1152w, https:\/\/folkdansringen.se\/nykopingshus\/wp-content\/uploads\/2022\/07\/20220624_131929-1536x2048.jpg 1536w, https:\/\/folkdansringen.se\/nykopingshus\/wp-content\/uploads\/2022\/07\/20220624_131929-1560x2080.jpg 1560w, https:\/\/folkdansringen.se\/nykopingshus\/wp-content\/uploads\/2022\/07\/20220624_131929-scaled.jpg 1920w\" sizes=\"auto, (max-width: 768px) 100vw, 768px\" \/><figcaption class=\"wp-element-caption\">Midsommar  2022<\/figcaption><\/figure>\n\n\n\n<figure class=\"wp-block-image size-large is-resized\"><img loading=\"lazy\" decoding=\"async\" width=\"1024\" height=\"768\" src=\"https:\/\/folkdansringen.se\/nykopingshus\/wp-content\/uploads\/2022\/07\/20220624_150004-1024x768.jpg\" alt=\"Midsommar 2022\" class=\"wp-image-188\" style=\"width:453px;height:340px\" srcset=\"https:\/\/folkdansringen.se\/nykopingshus\/wp-content\/uploads\/2022\/07\/20220624_150004-1024x768.jpg 1024w, https:\/\/folkdansringen.se\/nykopingshus\/wp-content\/uploads\/2022\/07\/20220624_150004-300x225.jpg 300w, https:\/\/folkdansringen.se\/nykopingshus\/wp-content\/uploads\/2022\/07\/20220624_150004-768x576.jpg 768w, https:\/\/folkdansringen.se\/nykopingshus\/wp-content\/uploads\/2022\/07\/20220624_150004-1536x1152.jpg 1536w, https:\/\/folkdansringen.se\/nykopingshus\/wp-content\/uploads\/2022\/07\/20220624_150004-2048x1536.jpg 2048w, https:\/\/folkdansringen.se\/nykopingshus\/wp-content\/uploads\/2022\/07\/20220624_150004-1560x1170.jpg 1560w\" sizes=\"auto, (max-width: 1024px) 100vw, 1024px\" \/><figcaption class=\"wp-element-caption\">Midsommar 2022<\/figcaption><\/figure>\n\n\n\n<figure class=\"wp-block-image size-large is-resized\"><img loading=\"lazy\" decoding=\"async\" width=\"768\" height=\"1024\" src=\"https:\/\/folkdansringen.se\/nykopingshus\/wp-content\/uploads\/2022\/07\/20220624_132308-768x1024.jpg\" alt=\"\" class=\"wp-image-189\" style=\"width:458px;height:611px\" srcset=\"https:\/\/folkdansringen.se\/nykopingshus\/wp-content\/uploads\/2022\/07\/20220624_132308-768x1024.jpg 768w, https:\/\/folkdansringen.se\/nykopingshus\/wp-content\/uploads\/2022\/07\/20220624_132308-225x300.jpg 225w, https:\/\/folkdansringen.se\/nykopingshus\/wp-content\/uploads\/2022\/07\/20220624_132308-1152x1536.jpg 1152w, https:\/\/folkdansringen.se\/nykopingshus\/wp-content\/uploads\/2022\/07\/20220624_132308-1536x2048.jpg 1536w, https:\/\/folkdansringen.se\/nykopingshus\/wp-content\/uploads\/2022\/07\/20220624_132308-1560x2080.jpg 1560w, https:\/\/folkdansringen.se\/nykopingshus\/wp-content\/uploads\/2022\/07\/20220624_132308-scaled.jpg 1920w\" sizes=\"auto, (max-width: 768px) 100vw, 768px\" \/><figcaption class=\"wp-element-caption\">Midsommar 2022<\/figcaption><\/figure>\n\n\n\n<figure class=\"wp-block-image size-full is-resized\"><img loading=\"lazy\" decoding=\"async\" width=\"615\" height=\"640\" src=\"https:\/\/folkdansringen.se\/nykopingshus\/wp-content\/uploads\/2022\/07\/image1-5.jpeg\" alt=\"\" class=\"wp-image-197\" style=\"width:459px;height:478px\" srcset=\"https:\/\/folkdansringen.se\/nykopingshus\/wp-content\/uploads\/2022\/07\/image1-5.jpeg 615w, https:\/\/folkdansringen.se\/nykopingshus\/wp-content\/uploads\/2022\/07\/image1-5-288x300.jpeg 288w\" sizes=\"auto, (max-width: 615px) 100vw, 615px\" \/><figcaption class=\"wp-element-caption\">Midsommar 2022<\/figcaption><\/figure>\n\n\n\n<figure class=\"wp-block-image size-large is-resized\"><img loading=\"lazy\" decoding=\"async\" width=\"1024\" height=\"768\" src=\"https:\/\/folkdansringen.se\/nykopingshus\/wp-content\/uploads\/2022\/07\/20220624_131807-1024x768.jpg\" alt=\"\" class=\"wp-image-190\" style=\"width:466px;height:350px\" srcset=\"https:\/\/folkdansringen.se\/nykopingshus\/wp-content\/uploads\/2022\/07\/20220624_131807-1024x768.jpg 1024w, https:\/\/folkdansringen.se\/nykopingshus\/wp-content\/uploads\/2022\/07\/20220624_131807-300x225.jpg 300w, https:\/\/folkdansringen.se\/nykopingshus\/wp-content\/uploads\/2022\/07\/20220624_131807-768x576.jpg 768w, https:\/\/folkdansringen.se\/nykopingshus\/wp-content\/uploads\/2022\/07\/20220624_131807-1536x1152.jpg 1536w, https:\/\/folkdansringen.se\/nykopingshus\/wp-content\/uploads\/2022\/07\/20220624_131807-2048x1536.jpg 2048w, https:\/\/folkdansringen.se\/nykopingshus\/wp-content\/uploads\/2022\/07\/20220624_131807-1560x1170.jpg 1560w\" sizes=\"auto, (max-width: 1024px) 100vw, 1024px\" \/><figcaption class=\"wp-element-caption\">Midsommar 2022<\/figcaption><\/figure>\n\n\n\n<figure class=\"wp-block-image size-large is-resized\"><img loading=\"lazy\" decoding=\"async\" width=\"955\" height=\"1024\" src=\"https:\/\/folkdansringen.se\/nykopingshus\/wp-content\/uploads\/2022\/06\/Midsommar-1-955x1024.jpg\" alt=\"\" class=\"wp-image-168\" style=\"width:439px;height:470px\" srcset=\"https:\/\/folkdansringen.se\/nykopingshus\/wp-content\/uploads\/2022\/06\/Midsommar-1-955x1024.jpg 955w, https:\/\/folkdansringen.se\/nykopingshus\/wp-content\/uploads\/2022\/06\/Midsommar-1-280x300.jpg 280w, https:\/\/folkdansringen.se\/nykopingshus\/wp-content\/uploads\/2022\/06\/Midsommar-1-768x824.jpg 768w, https:\/\/folkdansringen.se\/nykopingshus\/wp-content\/uploads\/2022\/06\/Midsommar-1-1432x1536.jpg 1432w, https:\/\/folkdansringen.se\/nykopingshus\/wp-content\/uploads\/2022\/06\/Midsommar-1-1910x2048.jpg 1910w, https:\/\/folkdansringen.se\/nykopingshus\/wp-content\/uploads\/2022\/06\/Midsommar-1-1560x1673.jpg 1560w\" sizes=\"auto, (max-width: 955px) 100vw, 955px\" \/><figcaption class=\"wp-element-caption\"><strong>Midsommar<\/strong><\/figcaption><\/figure>\n","protected":false},"excerpt":{"rendered":"<p>H\u00e4r kommer du kunna f\u00e5 se nya aktuella bilder fr\u00e5n v\u00e5r f\u00f6rening. Uppvisning p\u00e5 Culturum p\u00e5 Dansens Dag 2026-04-25 Midsommar vid Tovastugan 2024 var en v\u00e4lbes\u00f6kt tillst\u00e4llning. Uppvisning p\u00e5 Riggargatans \u00c4ldreboende 2024-06-18 Midsommar 2023 vid Tovastugan Nationaldagen 6:e juni 2023 Malmk\u00f6ping 2023<\/p>\n","protected":false},"author":1,"featured_media":0,"parent":0,"menu_order":0,"comment_status":"closed","ping_status":"closed","template":"","meta":{"footnotes":""},"class_list":["post-36","page","type-page","status-publish","hentry"],"_links":{"self":[{"href":"https:\/\/folkdansringen.se\/nykopingshus\/wp-json\/wp\/v2\/pages\/36","targetHints":{"allow":["GET"]}}],"collection":[{"href":"https:\/\/folkdansringen.se\/nykopingshus\/wp-json\/wp\/v2\/pages"}],"about":[{"href":"https:\/\/folkdansringen.se\/nykopingshus\/wp-json\/wp\/v2\/types\/page"}],"author":[{"embeddable":true,"href":"https:\/\/folkdansringen.se\/nykopingshus\/wp-json\/wp\/v2\/users\/1"}],"replies":[{"embeddable":true,"href":"https:\/\/folkdansringen.se\/nykopingshus\/wp-json\/wp\/v2\/comments?post=36"}],"version-history":[{"count":53,"href":"https:\/\/folkdansringen.se\/nykopingshus\/wp-json\/wp\/v2\/pages\/36\/revisions"}],"predecessor-version":[{"id":652,"href":"https:\/\/folkdansringen.se\/nykopingshus\/wp-json\/wp\/v2\/pages\/36\/revisions\/652"}],"wp:attachment":[{"href":"https:\/\/folkdansringen.se\/nykopingshus\/wp-json\/wp\/v2\/media?parent=36"}],"curies":[{"name":"wp","href":"https:\/\/api.w.org\/{rel}","templated":true}]}}