{"id":37,"date":"2021-12-05T11:52:34","date_gmt":"2021-12-05T10:52:34","guid":{"rendered":"https:\/\/folkdansringen.se\/ny-hallstahammar\/?page_id=37"},"modified":"2025-02-26T16:08:27","modified_gmt":"2025-02-26T15:08:27","slug":"styrelsen","status":"publish","type":"page","link":"https:\/\/folkdansringen.se\/ny-hallstahammar\/index.php\/styrelsen\/","title":{"rendered":"Styrelsen"},"content":{"rendered":"\n<figure class=\"wp-block-table alignwide\"><table><tbody><tr><td>&nbsp;&nbsp;&nbsp;&nbsp;&nbsp;&nbsp;&nbsp;&nbsp;&nbsp;&nbsp;&nbsp;&nbsp;&nbsp;&nbsp;&nbsp;&nbsp;&nbsp;&nbsp;&nbsp;&nbsp;&nbsp;&nbsp;&nbsp;&nbsp;&nbsp;&nbsp;&nbsp;&nbsp;&nbsp;&nbsp;<img loading=\"lazy\" decoding=\"async\" width=\"150\" height=\"201\" class=\"wp-image-118\" style=\"width: 150px;\" src=\"https:\/\/folkdansringen.se\/ny-hallstahammar\/wp-content\/uploads\/2021\/12\/RolandRBGA.png\" alt=\"\"><\/td><td>Ordf\u00f6rande:<br>Roland Grabm\u00fcller<br>Dragverksgatan 9<br>724 74 V\u00e4ster\u00e5s<\/td><td>Mobil: 073-183 49 33<br><br><a href=\"https:\/\/folkdansringen.se\/ny-hallstahammar\/index.php\/e-post-till-Roland\/\"><span style=\"color: blue;\">Skicka e-post<\/span><\/a>  <br><\/td><\/tr><tr><td>&nbsp;&nbsp;&nbsp;&nbsp;&nbsp;&nbsp;&nbsp;&nbsp;&nbsp;&nbsp;&nbsp;&nbsp;&nbsp;&nbsp;&nbsp;&nbsp;&nbsp;&nbsp;&nbsp;&nbsp;&nbsp;&nbsp;&nbsp;&nbsp;&nbsp;&nbsp;&nbsp;&nbsp;&nbsp;&nbsp;<img loading=\"lazy\" decoding=\"async\" width=\"150\" height=\"200\" class=\"wp-image-639\" style=\"width: 150px;\" src=\"https:\/\/folkdansringen.se\/ny-hallstahammar\/wp-content\/uploads\/2022\/01\/Gudrun.png\" alt=\"\"><\/td><td>Vice ordf\u00f6rande\/dansledare:<br>Gudrun Rask<br>Vallbygatan 3 A<br>73450 Kolb\u00e4ck<\/td><td>Mobil:  070-261 52 61 <br><br><a href=\"https:\/\/folkdansringen.se\/ny-hallstahammar\/index.php\/e-post-till-gudrun\/\"><span style=\"color: blue;\">Skicka e-post<\/span><\/a><\/td><\/tr><tr><td>&nbsp;&nbsp;&nbsp;&nbsp;&nbsp;&nbsp;&nbsp;&nbsp;&nbsp;&nbsp;&nbsp;&nbsp;&nbsp;&nbsp;&nbsp;&nbsp;&nbsp;&nbsp;&nbsp;&nbsp;&nbsp;&nbsp;&nbsp;&nbsp;&nbsp;&nbsp;&nbsp;&nbsp;&nbsp;&nbsp;<img decoding=\"async\" class=\"wp-image-122\" style=\"width: 150px;\" src=\"https:\/\/folkdansringen.se\/ny-hallstahammar\/wp-content\/uploads\/2025\/02\/Janken-2017-08-20.png\" alt=\"\"><\/td><td>Sekreterare:<br>Jan-Eric Wester<br>H\u00f6kv\u00e4gen 1<br>734 37 Hallstahammar<\/td><td>Mobil: 070-348 04 13<br><br><a href=\"https:\/\/folkdansringen.se\/ny-hallstahammar\/index.php\/e-post-till-lisbeth\/\"><span style=\"color: blue;\">Skicka e-post<\/span><\/a><br><\/td><\/tr><tr><td>&nbsp;&nbsp;&nbsp;&nbsp;&nbsp;&nbsp;&nbsp;&nbsp;&nbsp;&nbsp;&nbsp;&nbsp;&nbsp;&nbsp;&nbsp;&nbsp;&nbsp;&nbsp;&nbsp;&nbsp;&nbsp;&nbsp;&nbsp;&nbsp;&nbsp;&nbsp;&nbsp;&nbsp;&nbsp;&nbsp;<img loading=\"lazy\" decoding=\"async\" width=\"150\" height=\"200\" class=\"wp-image-654\" style=\"width: 150px;\" src=\"https:\/\/folkdansringen.se\/ny-hallstahammar\/wp-content\/uploads\/2022\/01\/Rolf-1.png\" alt=\"\" srcset=\"https:\/\/folkdansringen.se\/ny-hallstahammar\/wp-content\/uploads\/2022\/01\/Rolf-1.png 560w, https:\/\/folkdansringen.se\/ny-hallstahammar\/wp-content\/uploads\/2022\/01\/Rolf-1-225x300.png 225w\" sizes=\"auto, (max-width: 150px) 100vw, 150px\" \/><\/td><td>Ledamot:<br>Rolf Jansson<br>Kremlav\u00e4gen 16<br>725 91 V\u00e4ster\u00e5s<\/td><td>Mobil:  073-919 23 49<br><br><a href=\"https:\/\/folkdansringen.se\/ny-hallstahammar\/index.php\/e-post-till-rolf\/\"><span style=\"color: blue;\">Skicka e-post<\/span><\/a><br><\/td><\/tr><tr><td>&nbsp;&nbsp;&nbsp;&nbsp;&nbsp;&nbsp;&nbsp;&nbsp;&nbsp;&nbsp;&nbsp;&nbsp;&nbsp;&nbsp;&nbsp;&nbsp;&nbsp;&nbsp;&nbsp;&nbsp;&nbsp;&nbsp;&nbsp;&nbsp;&nbsp;&nbsp;&nbsp;&nbsp;&nbsp;&nbsp;<img loading=\"lazy\" decoding=\"async\" width=\"150\" height=\"200\" class=\"wp-image-652\" style=\"width: 150px;\" src=\"https:\/\/folkdansringen.se\/ny-hallstahammar\/wp-content\/uploads\/2022\/01\/Christina.png\" alt=\"\" srcset=\"https:\/\/folkdansringen.se\/ny-hallstahammar\/wp-content\/uploads\/2022\/01\/Christina.png 807w, https:\/\/folkdansringen.se\/ny-hallstahammar\/wp-content\/uploads\/2022\/01\/Christina-225x300.png 225w, https:\/\/folkdansringen.se\/ny-hallstahammar\/wp-content\/uploads\/2022\/01\/Christina-767x1024.png 767w, https:\/\/folkdansringen.se\/ny-hallstahammar\/wp-content\/uploads\/2022\/01\/Christina-768x1025.png 768w\" sizes=\"auto, (max-width: 150px) 100vw, 150px\" \/><\/td><td>Suppleant:<br>Christina Bjureland<br>Kremlav\u00e4gen 16<br>725 91V\u00e4ster\u00e5s<\/td><td>Mobil:  070-215 22 11<br><br><a href=\"https:\/\/folkdansringen.se\/ny-hallstahammar\/index.php\/e-post-till-christina\/\"><span style=\"color: blue;\">Skicka e-post<\/span><\/a><\/td><\/tr><tr><td>&nbsp;&nbsp;&nbsp;&nbsp;&nbsp;&nbsp;&nbsp;&nbsp;&nbsp;&nbsp;&nbsp;&nbsp;&nbsp;&nbsp;&nbsp;&nbsp;&nbsp;&nbsp;&nbsp;&nbsp;&nbsp;&nbsp;&nbsp;&nbsp;&nbsp;&nbsp;&nbsp;&nbsp;&nbsp;&nbsp;<img loading=\"lazy\" decoding=\"async\" width=\"150\" height=\"204\" class=\"wp-image-121\" style=\"width: 150px;\" src=\"https:\/\/folkdansringen.se\/ny-hallstahammar\/wp-content\/uploads\/2021\/12\/Agneta.png\" alt=\"\" srcset=\"https:\/\/folkdansringen.se\/ny-hallstahammar\/wp-content\/uploads\/2021\/12\/Agneta.png 258w, https:\/\/folkdansringen.se\/ny-hallstahammar\/wp-content\/uploads\/2021\/12\/Agneta-221x300.png 221w\" sizes=\"auto, (max-width: 150px) 100vw, 150px\" \/><\/td><td>Kass\u00f6r:<br>Agneta Gustafsson<br>J\u00e4rnv\u00e4gsgatan 7<br>722 33&nbsp; V\u00e4ster\u00e5s<\/td><td>Mobil: 073-808 54 68<br><br><a href=\"https:\/\/folkdansringen.se\/ny-hallstahammar\/index.php\/e-post-till-agneta\/\"><span style=\"color: blue;\">Skicka e-post<\/span><\/a><br><\/td><\/tr><\/tbody><\/table><\/figure>\n\n\n\n<p class=\"has-text-align-center\">Styrelsen 2024-02-20<\/p>\n\n\n\n<figure class=\"wp-block-image size-large\"><img loading=\"lazy\" decoding=\"async\" width=\"1024\" height=\"768\" src=\"https:\/\/folkdansringen.se\/ny-hallstahammar\/wp-content\/uploads\/2024\/03\/HFG-Styrelsen-2024-02-20-1024x768.jpg\" alt=\"\" class=\"wp-image-1147\" srcset=\"https:\/\/folkdansringen.se\/ny-hallstahammar\/wp-content\/uploads\/2024\/03\/HFG-Styrelsen-2024-02-20-1024x768.jpg 1024w, https:\/\/folkdansringen.se\/ny-hallstahammar\/wp-content\/uploads\/2024\/03\/HFG-Styrelsen-2024-02-20-300x225.jpg 300w, https:\/\/folkdansringen.se\/ny-hallstahammar\/wp-content\/uploads\/2024\/03\/HFG-Styrelsen-2024-02-20-768x576.jpg 768w, https:\/\/folkdansringen.se\/ny-hallstahammar\/wp-content\/uploads\/2024\/03\/HFG-Styrelsen-2024-02-20-1536x1152.jpg 1536w, https:\/\/folkdansringen.se\/ny-hallstahammar\/wp-content\/uploads\/2024\/03\/HFG-Styrelsen-2024-02-20-2048x1536.jpg 2048w, https:\/\/folkdansringen.se\/ny-hallstahammar\/wp-content\/uploads\/2024\/03\/HFG-Styrelsen-2024-02-20-1568x1176.jpg 1568w\" sizes=\"auto, (max-width: 1024px) 100vw, 1024px\" \/><\/figure>\n","protected":false},"excerpt":{"rendered":"<p>&nbsp;&nbsp;&nbsp;&nbsp;&nbsp;&nbsp;&nbsp;&nbsp;&nbsp;&nbsp;&nbsp;&nbsp;&nbsp;&nbsp;&nbsp;&nbsp;&nbsp;&nbsp;&nbsp;&nbsp;&nbsp;&nbsp;&nbsp;&nbsp;&nbsp;&nbsp;&nbsp;&nbsp;&nbsp;&nbsp; Ordf\u00f6rande:Roland Grabm\u00fcllerDragverksgatan 9724 74 V\u00e4ster\u00e5s Mobil: 073-183 49 33 Skicka e-post &nbsp;&nbsp;&nbsp;&nbsp;&nbsp;&nbsp;&nbsp;&nbsp;&nbsp;&nbsp;&nbsp;&nbsp;&nbsp;&nbsp;&nbsp;&nbsp;&nbsp;&nbsp;&nbsp;&nbsp;&nbsp;&nbsp;&nbsp;&nbsp;&nbsp;&nbsp;&nbsp;&nbsp;&nbsp;&nbsp; Vice ordf\u00f6rande\/dansledare:Gudrun RaskVallbygatan 3 A73450 Kolb\u00e4ck Mobil: 070-261 52 61 Skicka e-post &nbsp;&nbsp;&nbsp;&nbsp;&nbsp;&nbsp;&nbsp;&nbsp;&nbsp;&nbsp;&nbsp;&nbsp;&nbsp;&nbsp;&nbsp;&nbsp;&nbsp;&nbsp;&nbsp;&nbsp;&nbsp;&nbsp;&nbsp;&nbsp;&nbsp;&nbsp;&nbsp;&nbsp;&nbsp;&nbsp; Sekreterare:Jan-Eric WesterH\u00f6kv\u00e4gen 1734 37 Hallstahammar Mobil: 070-348 04 13 Skicka e-post &nbsp;&nbsp;&nbsp;&nbsp;&nbsp;&nbsp;&nbsp;&nbsp;&nbsp;&nbsp;&nbsp;&nbsp;&nbsp;&nbsp;&nbsp;&nbsp;&nbsp;&nbsp;&nbsp;&nbsp;&nbsp;&nbsp;&nbsp;&nbsp;&nbsp;&nbsp;&nbsp;&nbsp;&nbsp;&nbsp; Ledamot:Rolf JanssonKremlav\u00e4gen 16725 91 V\u00e4ster\u00e5s Mobil: 073-919 23 49 Skicka e-post &nbsp;&nbsp;&nbsp;&nbsp;&nbsp;&nbsp;&nbsp;&nbsp;&nbsp;&nbsp;&nbsp;&nbsp;&nbsp;&nbsp;&nbsp;&nbsp;&nbsp;&nbsp;&nbsp;&nbsp;&nbsp;&nbsp;&nbsp;&nbsp;&nbsp;&nbsp;&nbsp;&nbsp;&nbsp;&nbsp; Suppleant:Christina BjurelandKremlav\u00e4gen 16725 91V\u00e4ster\u00e5s Mobil:&hellip; <a class=\"more-link\" href=\"https:\/\/folkdansringen.se\/ny-hallstahammar\/index.php\/styrelsen\/\">Forts\u00e4tt l\u00e4sa <span class=\"screen-reader-text\">Styrelsen<\/span><\/a><\/p>\n","protected":false},"author":1,"featured_media":0,"parent":0,"menu_order":0,"comment_status":"closed","ping_status":"closed","template":"","meta":{"footnotes":""},"class_list":["post-37","page","type-page","status-publish","hentry","entry"],"_links":{"self":[{"href":"https:\/\/folkdansringen.se\/ny-hallstahammar\/index.php\/wp-json\/wp\/v2\/pages\/37","targetHints":{"allow":["GET"]}}],"collection":[{"href":"https:\/\/folkdansringen.se\/ny-hallstahammar\/index.php\/wp-json\/wp\/v2\/pages"}],"about":[{"href":"https:\/\/folkdansringen.se\/ny-hallstahammar\/index.php\/wp-json\/wp\/v2\/types\/page"}],"author":[{"embeddable":true,"href":"https:\/\/folkdansringen.se\/ny-hallstahammar\/index.php\/wp-json\/wp\/v2\/users\/1"}],"replies":[{"embeddable":true,"href":"https:\/\/folkdansringen.se\/ny-hallstahammar\/index.php\/wp-json\/wp\/v2\/comments?post=37"}],"version-history":[{"count":36,"href":"https:\/\/folkdansringen.se\/ny-hallstahammar\/index.php\/wp-json\/wp\/v2\/pages\/37\/revisions"}],"predecessor-version":[{"id":1309,"href":"https:\/\/folkdansringen.se\/ny-hallstahammar\/index.php\/wp-json\/wp\/v2\/pages\/37\/revisions\/1309"}],"wp:attachment":[{"href":"https:\/\/folkdansringen.se\/ny-hallstahammar\/index.php\/wp-json\/wp\/v2\/media?parent=37"}],"curies":[{"name":"wp","href":"https:\/\/api.w.org\/{rel}","templated":true}]}}

<figure class="wp-block-table alignwide"><table><tbody><tr><td>&nbsp;&nbsp;&nbsp;&nbsp;&nbsp;&nbsp;&nbsp;&nbsp;&nbsp;&nbsp;&nbsp;&nbsp;&nbsp;&nbsp;&nbsp;&nbsp;&nbsp;&nbsp;&nbsp;&nbsp;&nbsp;&nbsp;&nbsp;&nbsp;&nbsp;&nbsp;&nbsp;&nbsp;&nbsp;&nbsp;<img loading="lazy" decoding="async" width="150" height="201" class="wp-image-118" style="width: 150px;" src="https://folkdansringen.se/ny-hallstahammar/wp-content/uploads/2021/12/RolandRBGA.png" alt=""></td><td>Ordförande:<br>Roland Grabmüller<br>Dragverksgatan 9<br>724 74 Västerås</td><td>Mobil: 073-183 49 33<br><br><a href="https://folkdansringen.se/ny-hallstahammar/index.php/e-post-till-Roland/"><span style="color: blue;">Skicka e-post</span></a>  <br></td></tr><tr><td>&nbsp;&nbsp;&nbsp;&nbsp;&nbsp;&nbsp;&nbsp;&nbsp;&nbsp;&nbsp;&nbsp;&nbsp;&nbsp;&nbsp;&nbsp;&nbsp;&nbsp;&nbsp;&nbsp;&nbsp;&nbsp;&nbsp;&nbsp;&nbsp;&nbsp;&nbsp;&nbsp;&nbsp;&nbsp;&nbsp;<img loading="lazy" decoding="async" width="150" height="200" class="wp-image-639" style="width: 150px;" src="https://folkdansringen.se/ny-hallstahammar/wp-content/uploads/2022/01/Gudrun.png" alt=""></td><td>Vice ordförande/dansledare:<br>Gudrun Rask<br>Vallbygatan 3 A<br>73450 Kolbäck</td><td>Mobil:  070-261 52 61 <br><br><a href="https://folkdansringen.se/ny-hallstahammar/index.php/e-post-till-gudrun/"><span style="color: blue;">Skicka e-post</span></a></td></tr><tr><td>&nbsp;&nbsp;&nbsp;&nbsp;&nbsp;&nbsp;&nbsp;&nbsp;&nbsp;&nbsp;&nbsp;&nbsp;&nbsp;&nbsp;&nbsp;&nbsp;&nbsp;&nbsp;&nbsp;&nbsp;&nbsp;&nbsp;&nbsp;&nbsp;&nbsp;&nbsp;&nbsp;&nbsp;&nbsp;&nbsp;<img decoding="async" class="wp-image-122" style="width: 150px;" src="https://folkdansringen.se/ny-hallstahammar/wp-content/uploads/2025/02/Janken-2017-08-20.png" alt=""></td><td>Sekreterare:<br>Jan-Eric Wester<br>Hökvägen 1<br>734 37 Hallstahammar</td><td>Mobil: 070-348 04 13<br><br><a href="https://folkdansringen.se/ny-hallstahammar/index.php/e-post-till-lisbeth/"><span style="color: blue;">Skicka e-post</span></a><br></td></tr><tr><td>&nbsp;&nbsp;&nbsp;&nbsp;&nbsp;&nbsp;&nbsp;&nbsp;&nbsp;&nbsp;&nbsp;&nbsp;&nbsp;&nbsp;&nbsp;&nbsp;&nbsp;&nbsp;&nbsp;&nbsp;&nbsp;&nbsp;&nbsp;&nbsp;&nbsp;&nbsp;&nbsp;&nbsp;&nbsp;&nbsp;<img loading="lazy" decoding="async" width="150" height="200" class="wp-image-654" style="width: 150px;" src="https://folkdansringen.se/ny-hallstahammar/wp-content/uploads/2022/01/Rolf-1.png" alt="" srcset="https://folkdansringen.se/ny-hallstahammar/wp-content/uploads/2022/01/Rolf-1.png 560w, https://folkdansringen.se/ny-hallstahammar/wp-content/uploads/2022/01/Rolf-1-225x300.png 225w" sizes="auto, (max-width: 150px) 100vw, 150px" /></td><td>Ledamot:<br>Rolf Jansson<br>Kremlavägen 16<br>725 91 Västerås</td><td>Mobil:  073-919 23 49<br><br><a href="https://folkdansringen.se/ny-hallstahammar/index.php/e-post-till-rolf/"><span style="color: blue;">Skicka e-post</span></a><br></td></tr><tr><td>&nbsp;&nbsp;&nbsp;&nbsp;&nbsp;&nbsp;&nbsp;&nbsp;&nbsp;&nbsp;&nbsp;&nbsp;&nbsp;&nbsp;&nbsp;&nbsp;&nbsp;&nbsp;&nbsp;&nbsp;&nbsp;&nbsp;&nbsp;&nbsp;&nbsp;&nbsp;&nbsp;&nbsp;&nbsp;&nbsp;<img loading="lazy" decoding="async" width="150" height="200" class="wp-image-652" style="width: 150px;" src="https://folkdansringen.se/ny-hallstahammar/wp-content/uploads/2022/01/Christina.png" alt="" srcset="https://folkdansringen.se/ny-hallstahammar/wp-content/uploads/2022/01/Christina.png 807w, https://folkdansringen.se/ny-hallstahammar/wp-content/uploads/2022/01/Christina-225x300.png 225w, https://folkdansringen.se/ny-hallstahammar/wp-content/uploads/2022/01/Christina-767x1024.png 767w, https://folkdansringen.se/ny-hallstahammar/wp-content/uploads/2022/01/Christina-768x1025.png 768w" sizes="auto, (max-width: 150px) 100vw, 150px" /></td><td>Suppleant:<br>Christina Bjureland<br>Kremlavägen 16<br>725 91Västerås</td><td>Mobil:  070-215 22 11<br><br><a href="https://folkdansringen.se/ny-hallstahammar/index.php/e-post-till-christina/"><span style="color: blue;">Skicka e-post</span></a></td></tr><tr><td>&nbsp;&nbsp;&nbsp;&nbsp;&nbsp;&nbsp;&nbsp;&nbsp;&nbsp;&nbsp;&nbsp;&nbsp;&nbsp;&nbsp;&nbsp;&nbsp;&nbsp;&nbsp;&nbsp;&nbsp;&nbsp;&nbsp;&nbsp;&nbsp;&nbsp;&nbsp;&nbsp;&nbsp;&nbsp;&nbsp;<img loading="lazy" decoding="async" width="150" height="204" class="wp-image-121" style="width: 150px;" src="https://folkdansringen.se/ny-hallstahammar/wp-content/uploads/2021/12/Agneta.png" alt="" srcset="https://folkdansringen.se/ny-hallstahammar/wp-content/uploads/2021/12/Agneta.png 258w, https://folkdansringen.se/ny-hallstahammar/wp-content/uploads/2021/12/Agneta-221x300.png 221w" sizes="auto, (max-width: 150px) 100vw, 150px" /></td><td>Kassör:<br>Agneta Gustafsson<br>Järnvägsgatan 7<br>722 33&nbsp; Västerås</td><td>Mobil: 073-808 54 68<br><br><a href="https://folkdansringen.se/ny-hallstahammar/index.php/e-post-till-agneta/"><span style="color: blue;">Skicka e-post</span></a><br></td></tr></tbody></table></figure>



<p class="has-text-align-center">Styrelsen 2024-02-20</p>



<figure class="wp-block-image size-large"><img loading="lazy" decoding="async" width="1024" height="768" src="https://folkdansringen.se/ny-hallstahammar/wp-content/uploads/2024/03/HFG-Styrelsen-2024-02-20-1024x768.jpg" alt="" class="wp-image-1147" srcset="https://folkdansringen.se/ny-hallstahammar/wp-content/uploads/2024/03/HFG-Styrelsen-2024-02-20-1024x768.jpg 1024w, https://folkdansringen.se/ny-hallstahammar/wp-content/uploads/2024/03/HFG-Styrelsen-2024-02-20-300x225.jpg 300w, https://folkdansringen.se/ny-hallstahammar/wp-content/uploads/2024/03/HFG-Styrelsen-2024-02-20-768x576.jpg 768w, https://folkdansringen.se/ny-hallstahammar/wp-content/uploads/2024/03/HFG-Styrelsen-2024-02-20-1536x1152.jpg 1536w, https://folkdansringen.se/ny-hallstahammar/wp-content/uploads/2024/03/HFG-Styrelsen-2024-02-20-2048x1536.jpg 2048w, https://folkdansringen.se/ny-hallstahammar/wp-content/uploads/2024/03/HFG-Styrelsen-2024-02-20-1568x1176.jpg 1568w" sizes="auto, (max-width: 1024px) 100vw, 1024px" /></figure>

<p>&nbsp;&nbsp;&nbsp;&nbsp;&nbsp;&nbsp;&nbsp;&nbsp;&nbsp;&nbsp;&nbsp;&nbsp;&nbsp;&nbsp;&nbsp;&nbsp;&nbsp;&nbsp;&nbsp;&nbsp;&nbsp;&nbsp;&nbsp;&nbsp;&nbsp;&nbsp;&nbsp;&nbsp;&nbsp;&nbsp; Ordförande:Roland GrabmüllerDragverksgatan 9724 74 Västerås Mobil: 073-183 49 33 Skicka e-post &nbsp;&nbsp;&nbsp;&nbsp;&nbsp;&nbsp;&nbsp;&nbsp;&nbsp;&nbsp;&nbsp;&nbsp;&nbsp;&nbsp;&nbsp;&nbsp;&nbsp;&nbsp;&nbsp;&nbsp;&nbsp;&nbsp;&nbsp;&nbsp;&nbsp;&nbsp;&nbsp;&nbsp;&nbsp;&nbsp; Vice ordförande/dansledare:Gudrun RaskVallbygatan 3 A73450 Kolbäck Mobil: 070-261 52 61 Skicka e-post &nbsp;&nbsp;&nbsp;&nbsp;&nbsp;&nbsp;&nbsp;&nbsp;&nbsp;&nbsp;&nbsp;&nbsp;&nbsp;&nbsp;&nbsp;&nbsp;&nbsp;&nbsp;&nbsp;&nbsp;&nbsp;&nbsp;&nbsp;&nbsp;&nbsp;&nbsp;&nbsp;&nbsp;&nbsp;&nbsp; Sekreterare:Jan-Eric WesterHökvägen 1734 37 Hallstahammar Mobil: 070-348 04 13 Skicka e-post &nbsp;&nbsp;&nbsp;&nbsp;&nbsp;&nbsp;&nbsp;&nbsp;&nbsp;&nbsp;&nbsp;&nbsp;&nbsp;&nbsp;&nbsp;&nbsp;&nbsp;&nbsp;&nbsp;&nbsp;&nbsp;&nbsp;&nbsp;&nbsp;&nbsp;&nbsp;&nbsp;&nbsp;&nbsp;&nbsp; Ledamot:Rolf JanssonKremlavägen 16725 91 Västerås Mobil: 073-919 23 49 Skicka e-post &nbsp;&nbsp;&nbsp;&nbsp;&nbsp;&nbsp;&nbsp;&nbsp;&nbsp;&nbsp;&nbsp;&nbsp;&nbsp;&nbsp;&nbsp;&nbsp;&nbsp;&nbsp;&nbsp;&nbsp;&nbsp;&nbsp;&nbsp;&nbsp;&nbsp;&nbsp;&nbsp;&nbsp;&nbsp;&nbsp; Suppleant:Christina BjurelandKremlavägen 16725 91Västerås Mobil:&hellip; <a class="more-link" href="https://folkdansringen.se/ny-hallstahammar/index.php/styrelsen/">Fortsätt läsa <span class="screen-reader-text">Styrelsen</span></a></p>
