{"id":984,"date":"2024-01-22T18:26:53","date_gmt":"2024-01-22T17:26:53","guid":{"rendered":"https:\/\/folkdansringen.se\/kullagillet\/?page_id=984"},"modified":"2026-02-09T20:52:54","modified_gmt":"2026-02-09T19:52:54","slug":"arsberattelser","status":"publish","type":"page","link":"https:\/\/folkdansringen.se\/kullagillet\/arsberattelser\/","title":{"rendered":"\u00c5rsber\u00e4ttelser"},"content":{"rendered":"\n<p><strong>&nbsp;\u00c5rsber\u00e4ttelse f\u00f6r Kullagillet 2025<\/strong><\/p>\n\n\n\n<p>V\u00e5rterminen startade 9 januari och v\u00e5rens sista danskv\u00e4ll var 22 maj. H\u00f6stterminen startade 4 september och avslutades 4 december.<br>Medlemsantalet 2025 \u00e4r; totalt 41 varav 8 st\u00f6dmedlemmar och 1 hedersmedlem.<br>All information finns p\u00e5 hemsidan, eller skickas via mejl och Facebook.<\/p>\n\n\n\n<p>Styrelsen har under 2025 best\u00e5tt av f\u00f6ljande:<br>Ordf\u00f6rande\u00a0\u00a0\u00a0\u00a0\u00a0\u00a0\u00a0\u00a0\u00a0\u00a0\u00a0\u00a0\u00a0\u00a0\u00a0\u00a0\u00a0\u00a0\u00a0\u00a0\u00a0\u00a0\u00a0 Gunnar Cato<br>Vice ordf\u00f6rande\u00a0\u00a0\u00a0\u00a0\u00a0\u00a0\u00a0\u00a0\u00a0\u00a0\u00a0\u00a0\u00a0\u00a0\u00a0\u00a0 Stefan Lerborn<br>Kass\u00f6r\u00a0\u00a0\u00a0\u00a0\u00a0\u00a0\u00a0\u00a0\u00a0\u00a0\u00a0\u00a0\u00a0\u00a0\u00a0\u00a0\u00a0\u00a0\u00a0\u00a0\u00a0\u00a0\u00a0\u00a0\u00a0\u00a0\u00a0\u00a0\u00a0\u00a0 Gun Kronholm Cato<br>Sekreterare\u00a0\u00a0\u00a0\u00a0\u00a0\u00a0\u00a0\u00a0\u00a0\u00a0\u00a0\u00a0\u00a0\u00a0\u00a0\u00a0\u00a0\u00a0\u00a0\u00a0\u00a0\u00a0\u00a0 Inga-Lill Hoberg<br>Ledamot\u00a0\u00a0\u00a0\u00a0\u00a0\u00a0\u00a0\u00a0\u00a0\u00a0\u00a0\u00a0\u00a0\u00a0\u00a0\u00a0\u00a0\u00a0\u00a0\u00a0\u00a0\u00a0\u00a0\u00a0\u00a0\u00a0\u00a0\u00a0 Martin Bengtsson<br>Suppleant\u00a0\u00a0\u00a0\u00a0\u00a0\u00a0\u00a0\u00a0\u00a0\u00a0\u00a0\u00a0\u00a0\u00a0\u00a0\u00a0\u00a0\u00a0\u00a0\u00a0\u00a0\u00a0\u00a0\u00a0\u00a0 Karin Nilsson<\/p>\n\n\n\n<p>Styrelsen har haft f\u00f6ljande m\u00f6ten 20\/1, 14\/4, 27\/5, 15\/9, 13\/10. Vi hade \u00e5rsm\u00f6te 6\/2 och halv\u00e5rsm\u00f6te 18\/9.<\/p>\n\n\n\n<p>Vi startade v\u00e5ren och f\u00f6rs\u00f6ker p\u00e5 olika s\u00e4tt f\u00e5 nya medlemmar. Vi har lyckats f\u00e5 n\u00e5gra nya och det \u00e4r mycket positivt. Kommunen har skickat en f\u00f6rfr\u00e5gan om vi vill delta i en satsning f\u00f6r seniorer. Trevligt att Peter \u00e4r tillbaka och spelar med Arne, Bodil och Lennart.<\/p>\n\n\n\n<p>Den 6\/3 hade vi bes\u00f6k fr\u00e5n H\u00f6gan\u00e4s kommun. Det var Linda Fransson, som tog med mor och dotter. De tr\u00e4nade med oss och var mycket positiva. Linda lovade att propagera f\u00f6r deltagande i Kullagillet i samband med satsningen i seniorernas h\u00e4lsovecka.<\/p>\n\n\n\n<p>Karin och Christer var p\u00e5 Logen 9\/3 och dansade Danser i folkdansstil.<\/p>\n\n\n\n<p>Vi var inbjudna till Klippan vecka 8 och 16, d\u00e5 v\u00e5r lokal \u00e4r st\u00e4ngd.<\/p>\n\n\n\n<p>L\u00f6rdagen 15\/3 var Gunnar och Inga-Lill p\u00e5 Sk\u00e5ne-Blekinges distrikts\u00e5rsm\u00f6te i Asarum.<br>Det var en bit att k\u00f6ra, men vi bj\u00f6ds p\u00e5 soppa vid ankomsten och fick sen l\u00e4ra oss dansa Fox. Som vi trodde var ett nytt namn p\u00e5 foxtrott (som vi ju kunde), men detta var n\u00e5got nytt och mycket kr\u00e5ngligt f\u00f6r oss alla, men kul.<\/p>\n\n\n\n<p>Onsdagen 14\/5 kl. 14.00-15.00 kom sju deltagare fr\u00e5n H\u00e4lsoveckan och vi dansade enkla \u201dg\u00e5danser\u201d som alla kunde delta i. Vi bj\u00f6d in dem att delta f\u00f6ljande torsdagar av terminen, men de flesta ville helst dansa p\u00e5 dagtid. Vi blev s\u00e5 glada att G\u00f6ran kom och sen fortsatte.<\/p>\n\n\n\n<p>Midsommar inleddes i \u00e5r med bl\u00e5klintsplockning vid fruktodlingen. Vi var ca 15 som plockade och vi fortsatte sen till Stefan och Carinas tr\u00e4dg\u00e5rd, d\u00e4r fler ansl\u00f6t och vi band en massa kransar. Efter att vi intagit medhavd mats\u00e4ck och bundit flera kransar, b\u00f6rjade det kyla av och vi avslutade vid tiotiden. D\u00e5 hade vi gjort ca 100. Vi best\u00e4mde att vi skulle s\u00e4lja dem i Norre hage Viken f\u00f6r 150 kr\/st. med start kl. 13.00.<br>Tack f\u00f6r att vi f\u00e5r komma till er tr\u00e4dg\u00e5rd och ha en arbetsam men trevlig sommaravslutning.<\/p>\n\n\n\n<p>Midsommarafton tr\u00e4ffades vi i Viken och s\u00e5lde v\u00e5ra kransar till musik av Arne, Bodil och Lennart. Det var n\u00e4stan som f\u00f6rr, f\u00f6r vi gjorde en liten uppvisning. N\u00e4r vi packat ihop \u00e5kte var och en hem och firade midsommar med familj och v\u00e4nner.<\/p>\n\n\n\n<p>Tack till alla er som st\u00e4llde upp och gjorde en fin och inkomstbringande avslutning p\u00e5 v\u00e5rterminen.<\/p>\n\n\n\n<p>\u00c4ven i \u00e5r var vi n\u00e5gra, som 13\/7 \u00e5kte till Klippan p\u00e5 Bruksspelet. I \u00e5r hette det Regnb\u00e5gen och handlade om dansrestaurangen Regnb\u00e5gen i Folkets hus p\u00e5 50-talet. Alltid lika trevligt att se alla amat\u00f6rer, som tillsammans med n\u00e5gra \u201driktiga sk\u00e5despelare\u201d sjunger och dansar.<\/p>\n\n\n\n<p>23\/7\u201328\/7 \u00e5kte Karin, Christer, Johannes och Inga-Lill till Augsburg med Klippan Amat\u00f6rerna och bes\u00f6kte Augsburger Volktanzkreis. Det blev mycket dans, \u00e4ven om vi inte gjorde n\u00e5gon uppvisning. Vi bes\u00f6kte dem f\u00f6r 7 \u00e5r sedan och d\u00e5 var det j\u00e4ttevarmt. Den h\u00e4r g\u00e5ngen regnade det. Men vi hade trevligt<\/p>\n\n\n\n<p>S\u00f6ndagen 3\/8 bj\u00f6d Hustoftag\u00e5rden in till Hembygdens dag, d\u00e4r n\u00e5gra av v\u00e5ra medlemmar \u00e4r engagerade.<\/p>\n\n\n\n<p>31\/8 var den \u00e5rliga Sk\u00e5nedan i Esl\u00f6v och Karin och Christer \u00e5kte dit.<\/p>\n\n\n\n<p>H\u00f6stterminens danskv\u00e4llar b\u00f6rjade torsdagen 4\/9.Till musik av Arne, Lennart, Bodil och Peter kom vi i g\u00e5ng med n\u00e5gra gamla inl\u00e4rda danser och s\u00e5 sm\u00e5ningom kunde Karin och Christer inf\u00f6ra n\u00e5gra nya. Kul att vi f\u00e5tt n\u00e5gra nya medlemmar b\u00e5de kavaljerer och damer. Tack f\u00f6r alla trevliga danskv\u00e4llar till b\u00e5de musik och dansledare.<\/p>\n\n\n\n<p>Halv\u00e5rsm\u00f6tet 18\/9 beslutade om fortsatt medlemsavgift p\u00e5 600 kr f\u00f6r aktiv medlem och 300 kr f\u00f6r passiv medlem. Vi besl\u00f6t ocks\u00e5 att ha h\u00f6stfest i Str\u00f6velstorps bygdeg\u00e5rd den 26\/10 kl.16.00. Kostnad 300kr\/person och traditionell julfest 4\/12 i V\u00e4sby scoutstuga. Enligt tradition avslutade vi halv\u00e5rsm\u00f6tet med sm\u00f6rg\u00e5st\u00e5rta.<\/p>\n\n\n\n<p>S\u00f6ndagen 12\/10 var Karin och Christer i Malm\u00f6 och l\u00e4rde sig tyska danser, en del var redan k\u00e4nda.<\/p>\n\n\n\n<p>S\u00f6ndagen 26\/10 kl. 16.00 startade v\u00e5r h\u00f6stfest med alkoholfritt bubbel och mingel tills alla hade samlats. D\u00e4refter intog vi kallr\u00f6kt lax p\u00e5 kavring, fl\u00e4skfil\u00e9, ugnsrostad potatis och div sallader. N\u00e4r alla var m\u00e4tta startade en v\u00e4lbeh\u00f6vlig danskv\u00e4ll till en orkester best\u00e5ende av v\u00e5ra egna musiker plus Uffe Tholander och Marja fr\u00e5n Klippan och lite senare \u00e4ven Yvonne fr\u00e5n L\u00e4rg\u00f6karna. Alla dansade hela kv\u00e4llen bara med ett kort avbrott f\u00f6r kaffe och kaka. Karin och Christers danslista verkade vara o\u00e4ndlig och vi hade s\u00e5 trevligt, men n\u00e4r klockan var halv tio avslutade vi och \u00e5kte \u00e4n en g\u00e5ng n\u00f6jda hem.<br>Tack alla ni som st\u00e4llde upp och gjorde v\u00e5r h\u00f6stfest till ett trevligt minne. \u00a0<\/p>\n\n\n\n<p>Onsdagen den 29\/10 dansade vi \u00e5ter i Klippan eftersom v\u00e5r lokal var st\u00e4ngd p.g.a. h\u00f6stlov.<\/p>\n\n\n\n<p>Torsdagen 30\/10 var vi inbjudna till \u00d6rkelljunga och vi var n\u00e5gra som \u00e5kte dit och dansade.<\/p>\n\n\n\n<p>Torsdagen 13\/11 kl.9.30 \u2013 10.30 samlades ett antal medlemmar i B-salen p\u00e5 Hns sportcenter f\u00f6r att dansa enkla sm\u00e5danser med 27 ev. nya dansare fr\u00e5n Sportschool. Det var inte s\u00e5 l\u00e4tt f\u00f6r alla nyb\u00f6rjare, men de k\u00e4mpade p\u00e5 och vi \u00e4r s\u00e5 glada att n\u00e5gra av dem har kommit till v\u00e5ra tr\u00e4ningar efter det. V\u00e4lkomna!<\/p>\n\n\n\n<p>Torsdagen den 20\/11 vr\u00e4kte sn\u00f6n ner och vi hade n\u00e4stan en halv meter sn\u00f6. V\u00e4garna var inte plogade s\u00e5 vi kunde inte k\u00f6ra fr\u00e5n Helsingborg via Allerum och h\u00e4mta Lennart. Gunnar ringde Christer och meddelade och han var helt of\u00f6rst\u00e5ende \u00e4nda tills Gunnar skickat en bild, f\u00f6r i H\u00f6gan\u00e4s fanns ingen sn\u00f6. Det kom 5 par som fick dansa till inspelad musik.<\/p>\n\n\n\n<p>Efter en h\u00f6st med dans avslutade vi med julfest i V\u00e4sby scoutstuga 4\/12. I \u00e5r hade Rebecca satt ihop ett jul-quizz som vi f\u00f6rs\u00f6kte svara p\u00e5. Det var en del musik och fr\u00e5gor om \u00e5rtal p\u00e5 julkalendrar osv. Tur att det var n\u00e5gra yngre med, som kunde svara och vinna. &nbsp;<\/p>\n\n\n\n<p>I \u00e5r hade vi tv\u00e5 tomtar som delade ut julklappar och naturligtvis intog vi \u00e5rets f\u00f6rsta och b\u00e4sta julbord d\u00e4r ingenting saknas.<\/p>\n\n\n\n<p>Vi kunde avsluta i vanlig ordning och \u00f6nska varandra God jul.<\/p>\n\n\n\n<p>Som vi best\u00e4mde f\u00f6rra \u00e5ret har vi f\u00f6rs\u00f6kt visa oss p\u00e5 sociala medier f\u00f6r att locka nya medlemmar och f\u00f6rs\u00f6ka locka hit bekanta och v\u00e4nner och det har lyckats, s\u00e5 vi har f\u00e5tt ett antal nya medlemmar. V\u00e4lkomna! &nbsp;<\/p>\n\n\n\n<p>Vi ger inte upp och hoppas att nuvarande medlemmar vill forts\u00e4tta att dansa och ha trevligt tillsammans.<\/p>\n\n\n\n<p>Ett stort tack till alla som st\u00e4llt upp f\u00f6r f\u00f6reningen p\u00e5 olika s\u00e4tt och hoppas vi ses under 2026.<\/p>\n\n\n\n<p>Helsingborg januari 2026<\/p>\n\n\n\n<p>Inga-Lill Hoberg<\/p>\n\n\n\n<p><\/p>\n\n\n\n<p><\/p>\n\n\n\n<h1 class=\"wp-block-heading\">\u00c5rsber\u00e4ttelse f\u00f6r Kullagillet 2024<\/h1>\n\n\n\n<p>Publicerat&nbsp;<a href=\"https:\/\/folkdansringen.se\/kullagillet\/arsberattelse\/arsberattelse-for-kullagillet-2024\/\"><time datetime=\"2025-02-15T20:29:47+01:00\">2025-02-15<\/time><\/a><\/p>\n\n\n\n<p>Efter en kall trettonhelg kunde vi starta \u00e5rets danskv\u00e4llar och \u00e5rets f\u00f6rsta styrelsem\u00f6te kunde planera f\u00f6r \u00e5rsm\u00f6tet. Januari bidrog med sn\u00f6ov\u00e4der och \u00f6sregn. Midsommar kunde firas i vackert v\u00e4der men sen kom regnet blandat med h\u00e4rliga soldagar. \u00c4ven 2024 bj\u00f6d p\u00e5 en varm september.<br>V\u00e5rt medlemskap i NATO blev verklighet.<br>Vi fick lite sn\u00f6 i november men firade en gr\u00f6n jul \u00e4ven i \u00e5r och avslutade \u00e5ret med en regnig ny\u00e5rshelg.<\/p>\n\n\n\n<p>Medlemsantalet 2024 \u00e4r; totalt 39 varav 9 st\u00f6dmedlemmar och 1 hedersmedlem.<\/p>\n\n\n\n<p>All information finns p\u00e5 hemsidan, eller skickas via mejl och Facebook.<\/p>\n\n\n\n<p>Styrelsen har under 2024 best\u00e5tt av f\u00f6ljande:<br>Ordf\u00f6rande&nbsp;&nbsp;&nbsp;&nbsp;&nbsp;&nbsp;&nbsp;&nbsp;&nbsp;&nbsp;&nbsp;&nbsp;&nbsp;&nbsp;&nbsp;&nbsp;&nbsp;&nbsp;&nbsp;&nbsp;&nbsp;&nbsp;&nbsp; Gunnar Cato<br>Vice ordf\u00f6rande&nbsp;&nbsp;&nbsp;&nbsp;&nbsp;&nbsp;&nbsp;&nbsp;&nbsp;&nbsp;&nbsp;&nbsp;&nbsp;&nbsp;&nbsp;&nbsp; Stefan Lerborn<br>Kass\u00f6r&nbsp;&nbsp;&nbsp;&nbsp;&nbsp;&nbsp;&nbsp;&nbsp;&nbsp;&nbsp;&nbsp;&nbsp;&nbsp;&nbsp;&nbsp;&nbsp;&nbsp;&nbsp;&nbsp;&nbsp;&nbsp;&nbsp;&nbsp;&nbsp;&nbsp;&nbsp;&nbsp;&nbsp;&nbsp;&nbsp;&nbsp; Gun Kronholm Cato<br>Sekreterare&nbsp;&nbsp;&nbsp;&nbsp;&nbsp;&nbsp;&nbsp;&nbsp;&nbsp;&nbsp;&nbsp;&nbsp;&nbsp;&nbsp;&nbsp;&nbsp;&nbsp;&nbsp;&nbsp;&nbsp;&nbsp;&nbsp;&nbsp; Inga-Lill Hoberg<br>Ledamot&nbsp;&nbsp;&nbsp;&nbsp;&nbsp;&nbsp;&nbsp;&nbsp;&nbsp;&nbsp;&nbsp;&nbsp;&nbsp;&nbsp;&nbsp;&nbsp;&nbsp;&nbsp;&nbsp;&nbsp;&nbsp;&nbsp;&nbsp;&nbsp;&nbsp;&nbsp;&nbsp;&nbsp; Martin Bengtsson<br>Suppleant&nbsp;&nbsp;&nbsp;&nbsp;&nbsp;&nbsp;&nbsp;&nbsp;&nbsp;&nbsp;&nbsp;&nbsp;&nbsp;&nbsp;&nbsp;&nbsp;&nbsp;&nbsp;&nbsp;&nbsp;&nbsp;&nbsp;&nbsp;&nbsp;&nbsp; Karin Nilsson<\/p>\n\n\n\n<p>Styrelsen har haft f\u00f6ljande m\u00f6ten 15\/1, 15\/3, 27\/5, 2\/9, 14\/10. Vi hade \u00e5rsm\u00f6te 8\/2 och halv\u00e5rsm\u00f6te 19\/9.<\/p>\n\n\n\n<p>V\u00e5rterminen startade torsdagen 11 januari. Vi \u00e4r i snitt bara 7 par som dansar, men vi har mycket trevligt och fortfarande kan vi efter stor m\u00f6da fr\u00e5n Karin och Christer l\u00e4ra oss n\u00e5gra nya danser. Tur att ni och \u00e4ven v\u00e5ra musiker st\u00e5r ut med att ta om och om igen. Tack f\u00f6r det!<br>Vi f\u00f6rs\u00f6ker locka till oss nya dansare, men det \u00e4r sv\u00e5rt och ofta f\u00e5r vi \u201dbyta k\u00f6n\u201d f\u00f6r att f\u00e5 ihop par.<\/p>\n\n\n\n<p>L\u00f6rdagen 20\/1 dansade vi uppvisning p\u00e5 logen Wasas m\u00f6te, d\u00e4r Barbro ber\u00e4ttade om danser och Karin om v\u00e5r f\u00f6rening.<\/p>\n\n\n\n<p>Karin och Christer var p\u00e5 kurs i Linder\u00f6d 11\/2 och tr\u00e4nade danser inf\u00f6r Nordlek.<\/p>\n\n\n\n<p>Vi var inbjudna till Klippan vecka 8 och 13, d\u00e5 v\u00e5r lokal \u00e4r st\u00e4ngd.<br>Vi har ett n\u00e4ra samarbete med Klippan dansarna och flera av oss \u00e4r \u00e4ven medlemmar d\u00e4r.<br>Torsdagen 14\/3 bj\u00f6d vi in Klippan och L\u00e4rg\u00f6karna till samtr\u00e4ning och hade en trevlig kv\u00e4ll tillsammans.<\/p>\n\n\n\n<p>L\u00f6rdagen 16\/3 deltog Gunnar och Inga-Lill i Sk\u00e5nedistriktets \u00e5rsm\u00f6te \u00e4ven Gun var med f\u00f6r Folkdansringen Sk\u00e5ne- Blekinge firade 100 \u00e5r i Medborgarhuset i Esl\u00f6v. En mycket trevlig heldag med dans och festm\u00e5ltid i ett vackert medborgarhus.<\/p>\n\n\n\n<p>Onsdagen 22\/5 bj\u00f6d L\u00e4rg\u00f6karna fr\u00e5n \u00c4ngelholm oss att komma p\u00e5 deras tr\u00e4ningskv\u00e4ll. En svettig kv\u00e4ll i en fin lokal med mycket musik och dans och vi blev bjudna p\u00e5 kaffe med dopp.<br>Jerker tyckte att vi m\u00e5ste sk\u00e4rpa till oss och bjuda v\u00e5ra g\u00e4ster p\u00e5 fika n\u00e4sta g\u00e5ng.<\/p>\n\n\n\n<p>26\/5 fick vi information om Luggudedr\u00e4kter i M\u00f6lle stationshus.<\/p>\n\n\n\n<p>30\/5 var v\u00e5rens sista \u00f6vningskv\u00e4ll.<\/p>\n\n\n\n<p>Midsommarfirandet i Viken, som vi lagt ner, har uppst\u00e5tt igen. Bertil Larsson tog tag i det och Gunnar och Stefan hj\u00e4lper till med st\u00e5ngen. Vi, som brukar jobba med midsommar, tr\u00e4ffades 20\/6 tidig em. vid Smeav\u00e4gen och plockade massor av bl\u00e5klint. Vi l\u00e4mnade de fortfarande bl\u00e5 f\u00e4lten och fortsatte till Stefan och Carinas tr\u00e4dg\u00e5rd. D\u00e4r bands det kransar p\u00e5 l\u00f6pande band av duktiga, b\u00e5de gamla och nya kransbindare. Det blev \u00f6ver 80 kransar. Vi t\u00e4nkte s\u00e4lja dem p\u00e5 City Gross p\u00e5 midsommarafton mellan 9\u201311, men \u00e4ndrade oss, och best\u00e4mde oss att f\u00f6rs\u00f6ka p\u00e5 Norra Hage, Viken med start kl. 13.00. Kransbindningen avslutades med en trevlig picknick i tr\u00e4dg\u00e5rden och vi bj\u00f6ds p\u00e5 kaffe och j\u00e4ttegod jordgubbst\u00e5rta. Tack f\u00f6r att vi f\u00e5r komma till er tr\u00e4dg\u00e5rd och \u00e4ta era egenodlade jordgubbar.<\/p>\n\n\n\n<p>Midsommarafton tr\u00e4ffades vi i Viken och s\u00e5lde \u00f6ver hundra kransar till musik av Arne, Bodil och Lennart. Det var n\u00e4stan som innan pandemin, men vi tyckte det var sk\u00f6nt att slippa allt annat jobb med lotteri o.s.v. och vi kunde \u00e5ka hem efter en lyckad f\u00f6rs\u00e4ljning och fira midsommar med familj och v\u00e4nner.<br>Tack till alla er som st\u00e4llde upp och gjorde en fin och inkomstbringande avslutning p\u00e5 v\u00e5rterminen.<\/p>\n\n\n\n<p>21\/7 var vi n\u00e5gra som \u00e5kte till Klippan p\u00e5 Bruksspelet. I \u00e5r hette det En evig sommar och handlade om 1969 och hur det var p\u00e5 bruket. Alltid lika trevligt att se alla amat\u00f6rer som tillsammans med n\u00e5gra \u201driktiga sk\u00e5despelare\u201d sjunger och dansar.<\/p>\n\n\n\n<p>S\u00f6ndagen 4\/8 bj\u00f6d Hustoftag\u00e5rden in till Hembygdens dag, d\u00e4r n\u00e5gra av v\u00e5ra medlemmar \u00e4r engagerade.<\/p>\n\n\n\n<p>1\/9 \u00e5kte Karin och Christer till den \u00e5rliga Sk\u00e5nedan i Esl\u00f6v. Det var inte s\u00e5 mkt folk och de t\u00e4nkte tillbaka p\u00e5 alla m\u00e4nniskor, som brukade bes\u00f6ka V\u00e5rtinget p\u00e5 Kulla Gunnarstorp.<\/p>\n\n\n\n<p>H\u00f6stterminens danskv\u00e4llar b\u00f6rjade torsdagen 5\/9. Pigga och glada f\u00f6rs\u00f6kte vi komma ih\u00e5g vad vi l\u00e4rt oss i v\u00e5ras. Vi kom i g\u00e5ng med n\u00e5gra gamla danser, som satt i ryggm\u00e4rgen bara Arne, Lennart och Bodil spelade. Tur att vi har s\u00e5 bra musik. Tack f\u00f6r alla trevliga danskv\u00e4llar till b\u00e5de musik och dansledare.<\/p>\n\n\n\n<p>Halv\u00e5rsm\u00f6tet 19\/9 beslutade om fortsatt medlemsavgift p\u00e5 600 kr f\u00f6r aktiv medlem och 300 kr f\u00f6r passiv medlem. Vi besl\u00f6t ocks\u00e5 att inte ha n\u00e5gon h\u00f6stfest f\u00f6r Klippan Amat\u00f6rerna firar 75 \u00e5r med stor fest i Gr\u00e5manstorp den 28\/9, men vi ska ha traditionell julfest 5\/12 i V\u00e4sby scoutstuga. Vi avslutade kv\u00e4llen med sm\u00f6rg\u00e5st\u00e5rta.<\/p>\n\n\n\n<p>Vi var ett antal fr\u00e5n Kullagillet som deltog i en Klippans jubileumsfest med god mat och mycket dans.<\/p>\n\n\n\n<p>Onsdagen den 30\/10 dansade vi \u00e5ter i Klippan eftersom v\u00e5r lokal var st\u00e4ngd p.g.a. h\u00f6stlov.<\/p>\n\n\n\n<p>14\/11 var bj\u00f6d vi in L\u00e4rg\u00f6karna och Klippan och hade en rolig danskv\u00e4ll med en paus, den h\u00e4r g\u00e5ngen med Kullagillets medhavda kaffe\/te och ink\u00f6pt vetefl\u00e4ta.<\/p>\n\n\n\n<p>Efter en h\u00f6st med dans avslutade vi med julfest i V\u00e4sby scoutstuga 5\/12. I \u00e5r var Rebecca och Andreas dotter (sex m\u00e5nader) den yngsta deltagaren och var den som fick sitta i tomtens kn\u00e4.<\/p>\n\n\n\n<p>Enligt tradition b\u00f6rjar vi med gl\u00f6gg och pepparkakor, forts\u00e4tter med julfr\u00e5gor och lotteri, naturligtvis dans, jultomte med julklappar, domaredansen och sist men inte minst \u00e5rets f\u00f6rsta och b\u00e4sta julbord d\u00e4r ingenting saknas. N\u00e4r vi \u00e4r proppm\u00e4tta r\u00f6jer vi av och \u00f6nskar varandra God jul.<\/p>\n\n\n\n<p>Vi har under h\u00f6sten f\u00f6rs\u00f6kt visa oss p\u00e5 sociala medier f\u00f6r att locka nya medlemmar, men det har tyv\u00e4rr inte gett s\u00e5 stort resultat. En och en p\u00e5 g\u00e5ng. Alltid n\u00e5got.<br>Vi ger inte upp och hoppas att nuvarande medlemmar vill forts\u00e4tta att dansa och ha trevligt tillsammans.<\/p>\n\n\n\n<p>Ett stort tack till alla som st\u00e4llt upp f\u00f6r f\u00f6reningen p\u00e5 olika s\u00e4tt och hoppas vi ses under 2025.<\/p>\n\n\n\n<p>Helsingborg januari 2025<\/p>\n\n\n\n<p>Inga-Lill Hoberg<\/p>\n","protected":false},"excerpt":{"rendered":"<p>&nbsp;\u00c5rsber\u00e4ttelse f\u00f6r Kullagillet 2025 V\u00e5rterminen startade 9 januari och v\u00e5rens sista danskv\u00e4ll var 22 maj. H\u00f6stterminen startade 4 september och avslutades 4 december.Medlemsantalet 2025 \u00e4r; totalt 41 varav 8 st\u00f6dmedlemmar och 1 hedersmedlem.All information finns p\u00e5 hemsidan, eller skickas via &hellip; <a href=\"https:\/\/folkdansringen.se\/kullagillet\/arsberattelser\/\">Forts\u00e4tt l\u00e4sa <span class=\"meta-nav\">&rarr;<\/span><\/a><\/p>\n","protected":false},"author":1,"featured_media":0,"parent":0,"menu_order":0,"comment_status":"closed","ping_status":"closed","template":"","meta":{"footnotes":""},"class_list":["post-984","page","type-page","status-publish","hentry"],"_links":{"self":[{"href":"https:\/\/folkdansringen.se\/kullagillet\/wp-json\/wp\/v2\/pages\/984","targetHints":{"allow":["GET"]}}],"collection":[{"href":"https:\/\/folkdansringen.se\/kullagillet\/wp-json\/wp\/v2\/pages"}],"about":[{"href":"https:\/\/folkdansringen.se\/kullagillet\/wp-json\/wp\/v2\/types\/page"}],"author":[{"embeddable":true,"href":"https:\/\/folkdansringen.se\/kullagillet\/wp-json\/wp\/v2\/users\/1"}],"replies":[{"embeddable":true,"href":"https:\/\/folkdansringen.se\/kullagillet\/wp-json\/wp\/v2\/comments?post=984"}],"version-history":[{"count":4,"href":"https:\/\/folkdansringen.se\/kullagillet\/wp-json\/wp\/v2\/pages\/984\/revisions"}],"predecessor-version":[{"id":1143,"href":"https:\/\/folkdansringen.se\/kullagillet\/wp-json\/wp\/v2\/pages\/984\/revisions\/1143"}],"wp:attachment":[{"href":"https:\/\/folkdansringen.se\/kullagillet\/wp-json\/wp\/v2\/media?parent=984"}],"curies":[{"name":"wp","href":"https:\/\/api.w.org\/{rel}","templated":true}]}}