{"id":40,"date":"2014-06-11T18:21:27","date_gmt":"2014-06-11T18:21:27","guid":{"rendered":"http:\/\/folkdansringen.se\/kullagillet\/?page_id=40"},"modified":"2015-05-20T21:27:38","modified_gmt":"2015-05-20T19:27:38","slug":"bilder","status":"publish","type":"page","link":"https:\/\/folkdansringen.se\/kullagillet\/bilder\/","title":{"rendered":"Bilder"},"content":{"rendered":"<div id=\"attachment_198\" style=\"width: 310px\" class=\"wp-caption alignleft\"><a href=\"https:\/\/folkdansringen.se\/kullagillet\/wp-content\/uploads\/2015\/05\/Fasalt-2015_5859-61.jpg\"><img loading=\"lazy\" decoding=\"async\" aria-describedby=\"caption-attachment-198\" class=\"size-medium wp-image-198\" src=\"https:\/\/folkdansringen.se\/kullagillet\/wp-content\/uploads\/2015\/05\/Fasalt-2015_5859-61-300x225.jpg\" alt=\"Tipspromenad i den vackra bokskogen\" width=\"300\" height=\"225\" srcset=\"https:\/\/folkdansringen.se\/kullagillet\/wp-content\/uploads\/2015\/05\/Fasalt-2015_5859-61-300x225.jpg 300w, https:\/\/folkdansringen.se\/kullagillet\/wp-content\/uploads\/2015\/05\/Fasalt-2015_5859-61-1024x768.jpg 1024w, https:\/\/folkdansringen.se\/kullagillet\/wp-content\/uploads\/2015\/05\/Fasalt-2015_5859-61-400x300.jpg 400w\" sizes=\"auto, (max-width: 300px) 100vw, 300px\" \/><\/a><p id=\"caption-attachment-198\" class=\"wp-caption-text\">Tipsrunda i Fasalt torsdagen den 14 maj 2015, \u00a0hos Ingeg\u00e4rd o Rune Randow.<\/p><\/div>\n<div id=\"attachment_196\" style=\"width: 310px\" class=\"wp-caption alignnone\"><a href=\"https:\/\/folkdansringen.se\/kullagillet\/wp-content\/uploads\/2015\/05\/Fasalt-2015_5859-5.jpg\"><img loading=\"lazy\" decoding=\"async\" aria-describedby=\"caption-attachment-196\" class=\"size-medium wp-image-196\" src=\"https:\/\/folkdansringen.se\/kullagillet\/wp-content\/uploads\/2015\/05\/Fasalt-2015_5859-5-300x225.jpg\" alt=\"Familjen Randow\" width=\"300\" height=\"225\" srcset=\"https:\/\/folkdansringen.se\/kullagillet\/wp-content\/uploads\/2015\/05\/Fasalt-2015_5859-5-300x225.jpg 300w, https:\/\/folkdansringen.se\/kullagillet\/wp-content\/uploads\/2015\/05\/Fasalt-2015_5859-5-1024x768.jpg 1024w, https:\/\/folkdansringen.se\/kullagillet\/wp-content\/uploads\/2015\/05\/Fasalt-2015_5859-5-400x300.jpg 400w\" sizes=\"auto, (max-width: 300px) 100vw, 300px\" \/><\/a><p id=\"caption-attachment-196\" class=\"wp-caption-text\">Familjen Randow.<\/p><\/div>\n<div id=\"attachment_200\" style=\"width: 235px\" class=\"wp-caption alignnone\"><a href=\"https:\/\/folkdansringen.se\/kullagillet\/wp-content\/uploads\/2015\/05\/Fasalt-2015_5859-8.jpg\"><img loading=\"lazy\" decoding=\"async\" aria-describedby=\"caption-attachment-200\" class=\"size-medium wp-image-200\" src=\"https:\/\/folkdansringen.se\/kullagillet\/wp-content\/uploads\/2015\/05\/Fasalt-2015_5859-8-225x300.jpg\" alt=\"Ingeg\u00e4rd h\u00e4lsar oss v\u00e4lkomna med vackert v\u00e4der o flaggan i topp\" width=\"225\" height=\"300\" srcset=\"https:\/\/folkdansringen.se\/kullagillet\/wp-content\/uploads\/2015\/05\/Fasalt-2015_5859-8-225x300.jpg 225w, https:\/\/folkdansringen.se\/kullagillet\/wp-content\/uploads\/2015\/05\/Fasalt-2015_5859-8-768x1024.jpg 768w\" sizes=\"auto, (max-width: 225px) 100vw, 225px\" \/><\/a><p id=\"caption-attachment-200\" class=\"wp-caption-text\">Ingeg\u00e4rd h\u00e4lsar oss v\u00e4lkomna med vackert v\u00e4der o flaggan i topp.<\/p><\/div>\n<div id=\"attachment_199\" style=\"width: 310px\" class=\"wp-caption alignnone\"><a href=\"https:\/\/folkdansringen.se\/kullagillet\/wp-content\/uploads\/2015\/05\/Fasalt-2015_5859-34.jpg\"><img loading=\"lazy\" decoding=\"async\" aria-describedby=\"caption-attachment-199\" class=\"size-medium wp-image-199\" src=\"https:\/\/folkdansringen.se\/kullagillet\/wp-content\/uploads\/2015\/05\/Fasalt-2015_5859-34-300x225.jpg\" alt=\"Olika goa korvar grillas - o det smakade bra efter tipspromenaden\" width=\"300\" height=\"225\" srcset=\"https:\/\/folkdansringen.se\/kullagillet\/wp-content\/uploads\/2015\/05\/Fasalt-2015_5859-34-300x225.jpg 300w, https:\/\/folkdansringen.se\/kullagillet\/wp-content\/uploads\/2015\/05\/Fasalt-2015_5859-34-1024x768.jpg 1024w, https:\/\/folkdansringen.se\/kullagillet\/wp-content\/uploads\/2015\/05\/Fasalt-2015_5859-34-400x300.jpg 400w\" sizes=\"auto, (max-width: 300px) 100vw, 300px\" \/><\/a><p id=\"caption-attachment-199\" class=\"wp-caption-text\">Olika goa korvar grillades. \u00a0Det smakade bra efter tipspromenaden.<\/p><\/div>\n<div id=\"attachment_201\" style=\"width: 310px\" class=\"wp-caption alignnone\"><a href=\"https:\/\/folkdansringen.se\/kullagillet\/wp-content\/uploads\/2015\/05\/Fasalt-2015_5859-9.jpg\"><img loading=\"lazy\" decoding=\"async\" aria-describedby=\"caption-attachment-201\" class=\"size-medium wp-image-201\" src=\"https:\/\/folkdansringen.se\/kullagillet\/wp-content\/uploads\/2015\/05\/Fasalt-2015_5859-9-300x225.jpg\" alt=\"M\u00e5nga var d\u00e4r\" width=\"300\" height=\"225\" srcset=\"https:\/\/folkdansringen.se\/kullagillet\/wp-content\/uploads\/2015\/05\/Fasalt-2015_5859-9-300x225.jpg 300w, https:\/\/folkdansringen.se\/kullagillet\/wp-content\/uploads\/2015\/05\/Fasalt-2015_5859-9-1024x768.jpg 1024w, https:\/\/folkdansringen.se\/kullagillet\/wp-content\/uploads\/2015\/05\/Fasalt-2015_5859-9-400x300.jpg 400w\" sizes=\"auto, (max-width: 300px) 100vw, 300px\" \/><\/a><p id=\"caption-attachment-201\" class=\"wp-caption-text\">Vi var m\u00e5nga d\u00e4r&#8230;..<\/p><\/div>\n<div id=\"attachment_202\" style=\"width: 310px\" class=\"wp-caption alignnone\"><a href=\"https:\/\/folkdansringen.se\/kullagillet\/wp-content\/uploads\/2015\/05\/Fasalt-2015_5859-22.jpg\"><img loading=\"lazy\" decoding=\"async\" aria-describedby=\"caption-attachment-202\" class=\"size-medium wp-image-202\" src=\"https:\/\/folkdansringen.se\/kullagillet\/wp-content\/uploads\/2015\/05\/Fasalt-2015_5859-22-300x225.jpg\" alt=\"...och \u00e5t o nj\u00f6t av den h\u00e4rliga gemenskapen.\" width=\"300\" height=\"225\" srcset=\"https:\/\/folkdansringen.se\/kullagillet\/wp-content\/uploads\/2015\/05\/Fasalt-2015_5859-22-300x225.jpg 300w, https:\/\/folkdansringen.se\/kullagillet\/wp-content\/uploads\/2015\/05\/Fasalt-2015_5859-22-1024x768.jpg 1024w, https:\/\/folkdansringen.se\/kullagillet\/wp-content\/uploads\/2015\/05\/Fasalt-2015_5859-22-400x300.jpg 400w\" sizes=\"auto, (max-width: 300px) 100vw, 300px\" \/><\/a><p id=\"caption-attachment-202\" class=\"wp-caption-text\">som \u00e5t o nj\u00f6t av den h\u00e4rliga gemenskapen.<\/p><\/div>\n","protected":false},"excerpt":{"rendered":"","protected":false},"author":1,"featured_media":0,"parent":0,"menu_order":0,"comment_status":"closed","ping_status":"closed","template":"","meta":{"footnotes":""},"class_list":["post-40","page","type-page","status-publish","hentry"],"_links":{"self":[{"href":"https:\/\/folkdansringen.se\/kullagillet\/wp-json\/wp\/v2\/pages\/40","targetHints":{"allow":["GET"]}}],"collection":[{"href":"https:\/\/folkdansringen.se\/kullagillet\/wp-json\/wp\/v2\/pages"}],"about":[{"href":"https:\/\/folkdansringen.se\/kullagillet\/wp-json\/wp\/v2\/types\/page"}],"author":[{"embeddable":true,"href":"https:\/\/folkdansringen.se\/kullagillet\/wp-json\/wp\/v2\/users\/1"}],"replies":[{"embeddable":true,"href":"https:\/\/folkdansringen.se\/kullagillet\/wp-json\/wp\/v2\/comments?post=40"}],"version-history":[{"count":9,"href":"https:\/\/folkdansringen.se\/kullagillet\/wp-json\/wp\/v2\/pages\/40\/revisions"}],"predecessor-version":[{"id":216,"href":"https:\/\/folkdansringen.se\/kullagillet\/wp-json\/wp\/v2\/pages\/40\/revisions\/216"}],"wp:attachment":[{"href":"https:\/\/folkdansringen.se\/kullagillet\/wp-json\/wp\/v2\/media?parent=40"}],"curies":[{"name":"wp","href":"https:\/\/api.w.org\/{rel}","templated":true}]}}