{"id":2,"date":"2014-05-19T11:42:48","date_gmt":"2014-05-19T11:42:48","guid":{"rendered":"http:\/\/folkdansringen.se\/kullagillet\/?page_id=2"},"modified":"2014-06-30T21:53:16","modified_gmt":"2014-06-30T19:53:16","slug":"om-kullagillet","status":"publish","type":"page","link":"https:\/\/folkdansringen.se\/kullagillet\/om-kullagillet\/","title":{"rendered":"Om Kullagillet"},"content":{"rendered":"<p style=\"text-align: left;\"><img loading=\"lazy\" decoding=\"async\" class=\"alignleft wp-image-10 size-thumbnail\" src=\"https:\/\/folkdansringen.se\/kullagillet\/wp-content\/uploads\/2014\/05\/kullagillet_logo-150x150.png\" alt=\"kullagillet_logo\" width=\"150\" height=\"150\" srcset=\"https:\/\/folkdansringen.se\/kullagillet\/wp-content\/uploads\/2014\/05\/kullagillet_logo-150x150.png 150w, https:\/\/folkdansringen.se\/kullagillet\/wp-content\/uploads\/2014\/05\/kullagillet_logo-300x300.png 300w, https:\/\/folkdansringen.se\/kullagillet\/wp-content\/uploads\/2014\/05\/kullagillet_logo.png 642w\" sizes=\"auto, (max-width: 150px) 100vw, 150px\" \/><span style=\"font-family: Verdana, Geneva;\">Redan 1919 bildade n\u00e5gra ungdomar fr\u00e5n traktens SLU-f\u00f6reningar en folkdansgrupp som fick namnet Kullagillet. Detta p\u00e5gick till 1924 d\u00e5 f\u00f6reningen blev vilande.<\/span><br \/>\n<span style=\"font-family: Verdana, Geneva;\"> 1932 \u00e5teruppv\u00e4cktes f\u00f6reningen som d\u00e5 beh\u00f6ll namnet.\u00a0En av de f\u00f6rsta medlemmarna var Thorild Svensson som var aktiv \u00e4nda till 2001.\u00a0Musiken under denna tid var den ber\u00f6mda &#8221;L\u00e5ngar\u00f6dstrion&#8221;<\/span><\/p>\n<p style=\"text-align: left;\"><span style=\"font-family: Verdana, Geneva;\">1935 startade Kullagillet ett barnlag, som efter en tid lades ner.<\/span><br \/>\n<span style=\"font-family: Verdana, Geneva;\"> 1939 gjordes en resa till Stockholm f\u00f6r att deltaga i en stor folkdansfestival. M\u00e5nga resor har gjorts sedan dess.\u00a0\u00c4ven medverkan i Edvard Perssons film &#8221;Livet p\u00e5 landet&#8221; \u00e4r v\u00e4rt att n\u00e4mnas.\u00a0P\u00e5 40-talet gick f\u00f6reningen p\u00e5 sparl\u00e5ga p\u00e5 grund av ofred i v\u00e4rlden.\u00a0Under 50-talet \u00f6kade medlemstalet kraftigt. 1959 startades &#8221;Majsjungning&#8221; i g\u00e5rdarna. Detta p\u00e5gick \u00e4nda in i 90-talet. 1960-talet var det mycket popul\u00e4rt att vara medlem i Kullagillet. D\u00e5 b\u00f6rjade vi med julfester. Vid 30-\u00e5rsjubileet delades klubbn\u00e5len ut f\u00f6r f\u00f6rsta g\u00e5ng. Designad av Bror Tellstr\u00f6m (se logon)\u00a070- och 80-talet var den tid d\u00e5 det var &#8221;inne&#8221; med gr\u00f6na v\u00e5gen. M\u00e5nga ungdomar ansl\u00f6t sig d\u00e5.<\/span><\/p>\n<p style=\"text-align: left;\"><span style=\"font-family: Verdana, Geneva;\"> Ett trevligt inslag var Kullagillets deltagande i &#8221;V\u00e4rml\u00e4nningarna&#8221; p\u00e5 Helsingborgs Stadsteater.\u00a0<\/span><span style=\"font-family: Verdana, Geneva;\">90-talet fortsatte i samma stil, men samh\u00e4llsf\u00f6r\u00e4ndringen med \u00f6kad stress har gjort att f\u00f6reningsaktiviteter tar mindre tid i folks liv. Sv\u00e5rare att f\u00e5 ungdomar att engagera sig.<\/span><br \/>\n<span style=\"font-family: Verdana, Geneva;\"> 2000-talet har b\u00f6rjat bra. Fortfarande har vi de gamla traditionerna kvar. Midsommarfirande med fest p\u00e5 kv\u00e4llen i&#8221;Tures loge&#8221;, julfest, h\u00f6stfest och jubileumsresor. \u00c4ven utbyte med utl\u00e4ndska grupper. Dessutom \u00e4r vi lyckligt lottade som har utm\u00e4rkta musiker som spelare f\u00f6r oss.<\/span><br \/>\n<span style=\"font-family: Verdana, Geneva;\"> 2007 firade vi 75 \u00e5rs jubileum med fest tillsammans med v\u00e5ra holll\u00e4ndska v\u00e4nner( som firade 25 \u00e5rs jubileum) alts\u00e5 en 100-\u00e5rsfest! Dessutom gjordes en jubileumsresa till Polen och Tyskland<\/span><br \/>\n<span style=\"font-family: Verdana, Geneva;\"> V\u00e4lkommen till Kullagillet, en kulturbevarare av v\u00e5ra gamla danser.<\/span><\/p>\n<p style=\"text-align: left;\"><span style=\"font-family: Verdana, Geneva;\">Vi har funnits i Kullabygden sedan 1932.\u00a0<\/span><span style=\"font-family: Verdana, Geneva;\">V\u00e5r verksamhet \u00e4r till f\u00f6r b\u00e5de ung och gammal.\u00a0<\/span><span style=\"font-family: Verdana, Geneva;\">Dansen \u00e4r f\u00f6rlagd till Kullagymnasiets dansstudio p\u00e5 torsdagar.<\/span><\/p>\n<p style=\"text-align: left;\"><span style=\"font-family: Verdana, Geneva;\">Kom och uppt\u00e4ck den fantastiska\u00a0gl\u00e4djen med dans! F\u00f6r mer information kontakta Silvia Rosvall eller Karin Nilsson.<\/span><\/p>\n<p style=\"text-align: left;\"><span style=\"font-family: Verdana, Geneva;\">V\u00e4l m\u00f6tt!<\/span><\/p>\n","protected":false},"excerpt":{"rendered":"<p>Redan 1919 bildade n\u00e5gra ungdomar fr\u00e5n traktens SLU-f\u00f6reningar en folkdansgrupp som fick namnet Kullagillet. Detta p\u00e5gick till 1924 d\u00e5 f\u00f6reningen blev vilande. 1932 \u00e5teruppv\u00e4cktes f\u00f6reningen som d\u00e5 beh\u00f6ll namnet.\u00a0En av de f\u00f6rsta medlemmarna var Thorild Svensson som var aktiv \u00e4nda &hellip; <a href=\"https:\/\/folkdansringen.se\/kullagillet\/om-kullagillet\/\">Forts\u00e4tt l\u00e4sa <span class=\"meta-nav\">&rarr;<\/span><\/a><\/p>\n","protected":false},"author":1,"featured_media":0,"parent":0,"menu_order":0,"comment_status":"closed","ping_status":"closed","template":"sidebar-page.php","meta":{"footnotes":""},"class_list":["post-2","page","type-page","status-publish","hentry"],"_links":{"self":[{"href":"https:\/\/folkdansringen.se\/kullagillet\/wp-json\/wp\/v2\/pages\/2","targetHints":{"allow":["GET"]}}],"collection":[{"href":"https:\/\/folkdansringen.se\/kullagillet\/wp-json\/wp\/v2\/pages"}],"about":[{"href":"https:\/\/folkdansringen.se\/kullagillet\/wp-json\/wp\/v2\/types\/page"}],"author":[{"embeddable":true,"href":"https:\/\/folkdansringen.se\/kullagillet\/wp-json\/wp\/v2\/users\/1"}],"replies":[{"embeddable":true,"href":"https:\/\/folkdansringen.se\/kullagillet\/wp-json\/wp\/v2\/comments?post=2"}],"version-history":[{"count":8,"href":"https:\/\/folkdansringen.se\/kullagillet\/wp-json\/wp\/v2\/pages\/2\/revisions"}],"predecessor-version":[{"id":80,"href":"https:\/\/folkdansringen.se\/kullagillet\/wp-json\/wp\/v2\/pages\/2\/revisions\/80"}],"wp:attachment":[{"href":"https:\/\/folkdansringen.se\/kullagillet\/wp-json\/wp\/v2\/media?parent=2"}],"curies":[{"name":"wp","href":"https:\/\/api.w.org\/{rel}","templated":true}]}}