{"id":624,"date":"2019-09-10T19:08:43","date_gmt":"2019-09-10T17:08:43","guid":{"rendered":"http:\/\/folkdansringen.se\/klippan\/?page_id=624"},"modified":"2022-03-11T10:32:14","modified_gmt":"2022-03-11T09:32:14","slug":"70-ars-jubileum","status":"publish","type":"page","link":"https:\/\/folkdansringen.se\/klippan\/70-ars-jubileum\/","title":{"rendered":"70 \u00c5rs jubileum"},"content":{"rendered":"<p>Klippan Amat\u00f6rernas Folkdans lag firade sitt 70 \u00e5rsjubileum i Gr\u00e5manstorps Bygdeg\u00e5rd l\u00f6rdag den 7:e september.<\/p>\n<p>F\u00f6reningen bildades den 30 september 1949 som en teatergrupp p\u00e5 initiativ av opera s\u00e5ngaren Emile Stiebel. F\u00f6rsta \u00e5ret spelade man pj\u00e4ser i Skytteskogen i Klippan, Kvidinge, Hyllstofta, Perstorp och Smedstorp.<\/p>\n<p>I pj\u00e4sen V\u00e4rml\u00e4nningarna ing\u00e5r ett antal folkdanser. Gymnastikdirekt\u00f6r Wiwi Roslund Johansson tog hand om de som skulle bli dansare och sedan har det g\u00e5tt som en dans i med och motg\u00e5ng.<\/p>\n<p>Efter n\u00e5gra \u00e5r delades f\u00f6reningen upp i tv\u00e5 sektioner, teater och folkdans och med en gemensam huvudstyrelse. S\u00e5 sm\u00e5ningom l\u00e4ggs teatersektionen ner. Folkdanslaget har haft ett flertal \u00f6vningslokaler. Bl.a. Brukskolans gymnastiksal.Folkets hus B-sal. Hantverkshuset och Gr\u00e5manstorps Bygdeg\u00e5rd.<\/p>\n<p>Laget ansvarade f\u00f6r Midsommarfirandet i Stadsparken i Klippan i 25 \u00e5r. Tyv\u00e4rr fick man sluta med det p\u00e5 grund av f\u00f6r lite medlemmar som kunde hj\u00e4lpa till och d\u00e5ligt ekonomiskt resultat.<\/p>\n<p>Man har haft och har utbyte med f\u00f6reningar i Danmark, Norge, England och flera lag i Tyskland. Till firandet hade man inbjudit v\u00e4nnerna L\u00f6ffingen i Tyskland. Man gjorde utflykter till olika platser i Sk\u00e5ne. Speciellt roligt tyckte de att f\u00e5 se och uppleva havet, n\u00e5got man inte \u00e4r vana vid i sina hemtrakter. \u00c4ven n\u00e5gra av de f\u00f6reningar man har utbyte med var inbjudna.<\/p>\n<p>De 60 deltagarna, b\u00f6rjade med en drink och mingel innan man intog en god m\u00e5ltid. Ordf\u00f6randen Per-Eskil Persson, ber\u00e4ttade kort om lite av lagets historia. Stig Hellemarck, representerade Svenska Folkdansringen. Han delade ut F\u00f6rtj\u00e4nsttecken i silver till Bodil Olsson och i guld till Mats Emanuelsson. Guldm\u00e4rket \u00e4r n\u00e5got som tilldelas de som arbetat i f\u00f6reningar och distriktet under m\u00e5nga \u00e5r och gjort ett stort arbete.<\/p>\n<p>S\u00e5 b\u00f6rjade dansen, med svenska folk- och gillesdanser \u00e4ven n\u00e5gra tyska danser. I kaffepausen avnj\u00f6ts underbart goda t\u00e5rtor som damerna i laget bakat. Dansen fortsatte med en stor uppst\u00e4llning av Landskrona kadriljen. Innan allt avslutade avtackades spelm\u00e4nnen Monica och Andy.<\/p>\n<p>Festkommitt\u00e9n; Bodil Olsson, Ir\u00e9ne Persson, Marie Johansson och Gunnar Gunnarsson tackades ocks\u00e5. Gunnar Gunnarsson.<\/p>\n","protected":false},"excerpt":{"rendered":"<p>Klippan Amat\u00f6rernas Folkdans lag firade sitt 70 \u00e5rsjubileum i Gr\u00e5manstorps Bygdeg\u00e5rd l\u00f6rdag den 7:e september. F\u00f6reningen bildades den 30 september 1949 som en teatergrupp p\u00e5 initiativ av opera s\u00e5ngaren Emile Stiebel. F\u00f6rsta \u00e5ret spelade man pj\u00e4ser i Skytteskogen i Klippan, Kvidinge, Hyllstofta, Perstorp och Smedstorp. I pj\u00e4sen V\u00e4rml\u00e4nningarna ing\u00e5r ett antal folkdanser. Gymnastikdirekt\u00f6r Wiwi Roslund [&hellip;]<\/p>\n","protected":false},"author":2,"featured_media":636,"parent":0,"menu_order":1,"comment_status":"closed","ping_status":"closed","template":"","meta":{"footnotes":""},"class_list":["post-624","page","type-page","status-publish","has-post-thumbnail","hentry"],"_links":{"self":[{"href":"https:\/\/folkdansringen.se\/klippan\/wp-json\/wp\/v2\/pages\/624","targetHints":{"allow":["GET"]}}],"collection":[{"href":"https:\/\/folkdansringen.se\/klippan\/wp-json\/wp\/v2\/pages"}],"about":[{"href":"https:\/\/folkdansringen.se\/klippan\/wp-json\/wp\/v2\/types\/page"}],"author":[{"embeddable":true,"href":"https:\/\/folkdansringen.se\/klippan\/wp-json\/wp\/v2\/users\/2"}],"replies":[{"embeddable":true,"href":"https:\/\/folkdansringen.se\/klippan\/wp-json\/wp\/v2\/comments?post=624"}],"version-history":[{"count":5,"href":"https:\/\/folkdansringen.se\/klippan\/wp-json\/wp\/v2\/pages\/624\/revisions"}],"predecessor-version":[{"id":634,"href":"https:\/\/folkdansringen.se\/klippan\/wp-json\/wp\/v2\/pages\/624\/revisions\/634"}],"wp:featuredmedia":[{"embeddable":true,"href":"https:\/\/folkdansringen.se\/klippan\/wp-json\/wp\/v2\/media\/636"}],"wp:attachment":[{"href":"https:\/\/folkdansringen.se\/klippan\/wp-json\/wp\/v2\/media?parent=624"}],"curies":[{"name":"wp","href":"https:\/\/api.w.org\/{rel}","templated":true}]}}